{"id":2149,"date":"2015-11-17T18:57:34","date_gmt":"2015-11-17T17:57:34","guid":{"rendered":"http:\/\/www.fondation-sana.ch\/fr\/?page_id=2149"},"modified":"2026-02-24T14:38:23","modified_gmt":"2026-02-24T13:38:23","slug":"prix-sana","status":"publish","type":"page","link":"https:\/\/www.fondation-sana.ch\/fr\/prix-sana\/","title":{"rendered":"Prix Sana"},"content":{"rendered":"\t\t<div data-elementor-type=\"wp-page\" data-elementor-id=\"2149\" class=\"elementor elementor-2149 elementor-2132\" data-elementor-post-type=\"page\">\n\t\t\t\t\t\t<section class=\"elementor-section elementor-top-section elementor-element elementor-element-52353a1e elementor-section-boxed elementor-section-height-default elementor-section-height-default\" data-id=\"52353a1e\" data-element_type=\"section\" data-e-type=\"section\">\n\t\t\t\t\t\t<div class=\"elementor-container elementor-column-gap-default\">\n\t\t\t\t\t<div class=\"elementor-column elementor-col-100 elementor-top-column elementor-element elementor-element-574ae2d7\" data-id=\"574ae2d7\" data-element_type=\"column\" data-e-type=\"column\">\n\t\t\t<div class=\"elementor-widget-wrap elementor-element-populated\">\n\t\t\t\t\t\t<div class=\"elementor-element elementor-element-5e64e7a dce_masking-none elementor-widget elementor-widget-image\" data-id=\"5e64e7a\" data-element_type=\"widget\" data-e-type=\"widget\" data-widget_type=\"image.default\">\n\t\t\t\t<div class=\"elementor-widget-container\">\n\t\t\t\t\t\t\t\t\t\t\t\t\t\t\t<img fetchpriority=\"high\" decoding=\"async\" width=\"800\" height=\"450\" src=\"https:\/\/www.fondation-sana.ch\/wp-content\/uploads\/2020\/09\/img-heder-prix-sana-1024x576.jpg\" class=\"attachment-large size-large wp-image-4719\" alt=\"\" srcset=\"https:\/\/www.fondation-sana.ch\/wp-content\/uploads\/2020\/09\/img-heder-prix-sana-1024x576.jpg 1024w, https:\/\/www.fondation-sana.ch\/wp-content\/uploads\/2020\/09\/img-heder-prix-sana-300x169.jpg 300w, https:\/\/www.fondation-sana.ch\/wp-content\/uploads\/2020\/09\/img-heder-prix-sana-768x432.jpg 768w, https:\/\/www.fondation-sana.ch\/wp-content\/uploads\/2020\/09\/img-heder-prix-sana-1536x864.jpg 1536w, https:\/\/www.fondation-sana.ch\/wp-content\/uploads\/2020\/09\/img-heder-prix-sana-2048x1152.jpg 2048w\" sizes=\"(max-width: 800px) 100vw, 800px\" \/>\t\t\t\t\t\t\t\t\t\t\t\t\t\t\t<\/div>\n\t\t\t\t<\/div>\n\t\t\t\t<div class=\"elementor-element elementor-element-417ee116 elementor-widget elementor-widget-text-editor\" data-id=\"417ee116\" data-element_type=\"widget\" data-e-type=\"widget\" data-widget_type=\"text-editor.default\">\n\t\t\t\t<div class=\"elementor-widget-container\">\n\t\t\t\t\t\t\t\t\t<p>Avec le Prix Sana, la Fondation Sana distingue, chaque ann\u00e9e, une ou plusieurs personnes qui s\u2019engagent de mani\u00e8re altruiste pour le bien de leurs semblables. Ces bienfaitrices et bienfaiteurs silencieux sont partout. Ils fournissent une contribution inestimable pour la sant\u00e9, que ce soit sous la forme d\u2019actions, de r\u00e9confort ou simplement d\u2019un sourire. Ils m\u00e9ritent notre reconnaissance\u00a0!<\/p><h2>Participez \u00e0 la d\u00e9cision !<\/h2><p>Aidez-nous \u00e0 trouver les bienfaitrices et les bienfaiteurs silencieux parmi nous ! Si vous connaissez quelqu\u2019un qui m\u00e9rite le Prix Sana, \u00e9crivez-nous. Le prix est dot\u00e9 de 30&rsquo;000 francs au total. Pour vous remercier de votre participation, nous tirons au sort 3 x de 1&rsquo;000 francs chacun parmi toutes les propositions re\u00e7ues.<\/p><h2>Le jury<\/h2><p>Les laur\u00e9ates et les laur\u00e9ats sont d\u00e9sign\u00e9s apr\u00e8s examen approfondi de toutes les propositions par un jury, puis invit\u00e9s avec leurs parrains ou marraines pour la remise du prix. La remise des prix est anim\u00e9e par Nik Hartmann.<\/p><h2>Comment proc\u00e9der<\/h2><p>Remplissez le formulaire d&rsquo;inscription. <span style=\"color: var( --e-global-color-text ); font-family: var( --e-global-typography-primary-font-family ); font-size: 1rem; font-weight: var( --e-global-typography-primary-font-weight );\">La date de fin des envois de candidatures est fix\u00e9e au<\/span><span style=\"color: var( --e-global-color-text ); font-family: var( --e-global-typography-primary-font-family ); font-size: 1rem; font-weight: var( --e-global-typography-primary-font-weight );\">\u00a0<\/span><span style=\"color: var( --e-global-color-text ); font-family: var( --e-global-typography-primary-font-family ); font-size: 1rem; font-weight: bolder;\"><span style=\"font-weight: bolder;\">31 mars 2026.<\/span><\/span><\/p>\t\t\t\t\t\t\t\t<\/div>\n\t\t\t\t<\/div>\n\t\t\t\t<div class=\"dce-fix-background-loop elementor-element elementor-element-fc6cf11 textcontent-position-bottom_in acfposts-align-left elementor-widget elementor-widget-dyncontel-acfposts\" data-id=\"fc6cf11\" data-element_type=\"widget\" data-e-type=\"widget\" data-settings=\"{&quot;order_image&quot;:&quot;yes&quot;,&quot;textcontent_position&quot;:&quot;bottom_in&quot;}\" data-widget_type=\"dyncontel-acfposts.default\">\n\t\t\t\t<div class=\"elementor-widget-container\">\n\t\t\t\t\t\t\t\t<div class=\"acfposts-grid dce-posts-wrap flexgrid-style equalHMRWrap eqWrap\" data-style=\"flexgrid\">\n\n\t\t\t\t\n\t\t\t\t\t<div data-dce-post-id=\"7903\" class=\"dce-post-item dce-post-item-7903 dce-elementor-7903 elementor-7896 column-5   equalHMR eq\">\n\n\t\t\t\t\t\t\n\t\t\t\t\t\t<div class=\"dce-wrapper \">\n\n\t\t\t\t\t\t\t\n\t\t\t\t\t\t\t\t\t\t\t\t\t\t\t\t<div class=\"dce-acfposts_content\">\n\t\t\t\t\t\t\t\t\t<h2 class=\"dce-post-title\">\t\t<a href=\"https:\/\/www.fondation-sana.ch\/fr\/wir-tragen-dazu-bei-versorgungsluecken-im-gesundheitswesen-zu-schliessen-und-so-das-leben-fuer-menschen-besser-zu-machen\/\">\u00ab\u00a0Nous contribuons \u00e0 combler les lacunes de la prise en charge dans le domaine de la sant\u00e9 et ainsi \u00e0 am\u00e9liorer la vie des gens\u00a0\u00bb<\/a>\t\t<\/h2>\t\t<div class=\"dce-acfposts_image\">\n\t\t\t<div class=\"dce-acfposts_imagewrap\">\t\t\t<a href=\"https:\/\/www.fondation-sana.ch\/fr\/wir-tragen-dazu-bei-versorgungsluecken-im-gesundheitswesen-zu-schliessen-und-so-das-leben-fuer-menschen-besser-zu-machen\/\">\t\t\t\t\t\t\t<img decoding=\"async\" src=\"https:\/\/www.fondation-sana.ch\/wp-content\/uploads\/2026\/08\/img-fondation-sana-rolf-leutert-1024x683.jpg\" title=\"\u00ab\u00a0Nous contribuons \u00e0 combler les lacunes de la prise en charge dans le domaine de la sant\u00e9 et ainsi \u00e0 am\u00e9liorer la vie des gens\u00a0\u00bb\" class=\"acfposts-image\" \/>\n\t\t\t\t\n\t\t\t\t\t\t\t\t\t<\/a>\t\t\t<\/div>\t\t<\/div>\n\n\t\t<div class=\"dce-post-date\"><span class=\"d1\">12. ao\u00fbt 2026<\/span><\/div>\t\t<div class=\"dce_textcontent\">\n\t\t\t\t\t\tDans un bref entretien, Rolf Leutert, Pr\u00e9sident de la Fondation Sana depuis cinq ans, revient pour nous sur ce qui l'a motiv\u00e9 au cours de cette p\u00e9riode, sur les r\u00e9alisations du Conseil de Fondation et sur les orientations futures de la Fondation.\t\t<\/div>\n\t\t<div class=\"dce_readmore_wrapper\"><a href=\"https:\/\/www.fondation-sana.ch\/fr\/wir-tragen-dazu-bei-versorgungsluecken-im-gesundheitswesen-zu-schliessen-und-so-das-leben-fuer-menschen-besser-zu-machen\/\" class=\"dce_readmore_btn\">Plus \u2026<\/a><\/div>\n\t\t\t\t\t\t\t\t<\/div>\n\t\t\t\t\t\t\t\t\t\t\t\t\t\t\t\t\t\t\t\t\t\t<\/div><!-- end wrapper -->\n\n\t\t\t\t\t<\/div><!-- end item -->\n\n\t\t\t\t\t\n\t\t\t<\/div><!-- end grid -->\n\n\t\t\t\n\t\t\t\t\t\t\t<\/div>\n\t\t\t\t<\/div>\n\t\t\t\t\t<\/div>\n\t\t<\/div>\n\t\t\t\t\t<\/div>\n\t\t<\/section>\n\t\t\t\t<section class=\"elementor-section elementor-top-section elementor-element elementor-element-6a8c8e7 elementor-section-boxed elementor-section-height-default elementor-section-height-default\" data-id=\"6a8c8e7\" data-element_type=\"section\" data-e-type=\"section\">\n\t\t\t\t\t\t<div class=\"elementor-container elementor-column-gap-default\">\n\t\t\t\t\t<div class=\"elementor-column elementor-col-100 elementor-top-column elementor-element elementor-element-03ab6fa\" data-id=\"03ab6fa\" data-element_type=\"column\" data-e-type=\"column\">\n\t\t\t<div class=\"elementor-widget-wrap\">\n\t\t\t\t\t\t\t<\/div>\n\t\t<\/div>\n\t\t\t\t\t<\/div>\n\t\t<\/section>\n\t\t\t\t<\/div>\n\t\t","protected":false},"excerpt":{"rendered":"<p>Avec le Prix Sana, la Fondation Sana distingue, chaque ann\u00e9e, une ou plusieurs personnes qui s\u2019engagent de mani\u00e8re altruiste pour le bien de leurs semblables. Ces bienfaitrices et bienfaiteurs silencieux sont partout. Ils fournissent une contribution inestimable pour la sant\u00e9, que ce soit sous la forme d\u2019actions, de r\u00e9confort ou simplement d\u2019un sourire. Ils m\u00e9ritent notre reconnaissance\u00a0!<\/p>\n","protected":false},"author":1,"featured_media":4719,"parent":0,"menu_order":0,"comment_status":"closed","ping_status":"closed","template":"","meta":{"_acf_changed":false,"_monsterinsights_skip_tracking":false,"footnotes":""},"class_list":["post-2149","page","type-page","status-publish","has-post-thumbnail","hentry"],"acf":[],"_links":{"self":[{"href":"https:\/\/www.fondation-sana.ch\/fr\/wp-json\/wp\/v2\/pages\/2149","targetHints":{"allow":["GET"]}}],"collection":[{"href":"https:\/\/www.fondation-sana.ch\/fr\/wp-json\/wp\/v2\/pages"}],"about":[{"href":"https:\/\/www.fondation-sana.ch\/fr\/wp-json\/wp\/v2\/types\/page"}],"author":[{"embeddable":true,"href":"https:\/\/www.fondation-sana.ch\/fr\/wp-json\/wp\/v2\/users\/1"}],"replies":[{"embeddable":true,"href":"https:\/\/www.fondation-sana.ch\/fr\/wp-json\/wp\/v2\/comments?post=2149"}],"version-history":[{"count":106,"href":"https:\/\/www.fondation-sana.ch\/fr\/wp-json\/wp\/v2\/pages\/2149\/revisions"}],"predecessor-version":[{"id":7830,"href":"https:\/\/www.fondation-sana.ch\/fr\/wp-json\/wp\/v2\/pages\/2149\/revisions\/7830"}],"wp:featuredmedia":[{"embeddable":true,"href":"https:\/\/www.fondation-sana.ch\/fr\/wp-json\/wp\/v2\/media\/4719"}],"wp:attachment":[{"href":"https:\/\/www.fondation-sana.ch\/fr\/wp-json\/wp\/v2\/media?parent=2149"}],"curies":[{"name":"wp","href":"https:\/\/api.w.org\/{rel}","templated":true}]}}

<div data-elementor-type="wp-page" data-elementor-id="2149" class="elementor elementor-2149 elementor-2132" data-elementor-post-type="page">
						<section class="elementor-section elementor-top-section elementor-element elementor-element-52353a1e elementor-section-boxed elementor-section-height-default elementor-section-height-default" data-id="52353a1e" data-element_type="section" data-e-type="section">
						<div class="elementor-container elementor-column-gap-default">
					<div class="elementor-column elementor-col-100 elementor-top-column elementor-element elementor-element-574ae2d7" data-id="574ae2d7" data-element_type="column" data-e-type="column">
			<div class="elementor-widget-wrap elementor-element-populated">
						<div class="elementor-element elementor-element-5e64e7a dce_masking-none elementor-widget elementor-widget-image" data-id="5e64e7a" data-element_type="widget" data-e-type="widget" data-widget_type="image.default">
				<div class="elementor-widget-container">
															<img fetchpriority="high" decoding="async" width="800" height="450" src="https://www.fondation-sana.ch/wp-content/uploads/2020/09/img-heder-prix-sana-1024x576.jpg" class="attachment-large size-large wp-image-4719" alt="" srcset="https://www.fondation-sana.ch/wp-content/uploads/2020/09/img-heder-prix-sana-1024x576.jpg 1024w, https://www.fondation-sana.ch/wp-content/uploads/2020/09/img-heder-prix-sana-300x169.jpg 300w, https://www.fondation-sana.ch/wp-content/uploads/2020/09/img-heder-prix-sana-768x432.jpg 768w, https://www.fondation-sana.ch/wp-content/uploads/2020/09/img-heder-prix-sana-1536x864.jpg 1536w, https://www.fondation-sana.ch/wp-content/uploads/2020/09/img-heder-prix-sana-2048x1152.jpg 2048w" sizes="(max-width: 800px) 100vw, 800px" />															</div>
				</div>
				<div class="elementor-element elementor-element-417ee116 elementor-widget elementor-widget-text-editor" data-id="417ee116" data-element_type="widget" data-e-type="widget" data-widget_type="text-editor.default">
				<div class="elementor-widget-container">
									<p>Avec le Prix Sana, la Fondation Sana distingue, chaque année, une ou plusieurs personnes qui s’engagent de manière altruiste pour le bien de leurs semblables. Ces bienfaitrices et bienfaiteurs silencieux sont partout. Ils fournissent une contribution inestimable pour la santé, que ce soit sous la forme d’actions, de réconfort ou simplement d’un sourire. Ils méritent notre reconnaissance !</p><h2>Participez à la décision !</h2><p>Aidez-nous à trouver les bienfaitrices et les bienfaiteurs silencieux parmi nous ! Si vous connaissez quelqu’un qui mérite le Prix Sana, écrivez-nous. Le prix est doté de 30&rsquo;000 francs au total. Pour vous remercier de votre participation, nous tirons au sort 3 x de 1&rsquo;000 francs chacun parmi toutes les propositions reçues.</p><h2>Le jury</h2><p>Les lauréates et les lauréats sont désignés après examen approfondi de toutes les propositions par un jury, puis invités avec leurs parrains ou marraines pour la remise du prix. La remise des prix est animée par Nik Hartmann.</p><h2>Comment procéder</h2><p>Remplissez le formulaire d&rsquo;inscription. <span style="color: var( --e-global-color-text ); font-family: var( --e-global-typography-primary-font-family ); font-size: 1rem; font-weight: var( --e-global-typography-primary-font-weight );">La date de fin des envois de candidatures est fixée au</span><span style="color: var( --e-global-color-text ); font-family: var( --e-global-typography-primary-font-family ); font-size: 1rem; font-weight: var( --e-global-typography-primary-font-weight );"> </span><span style="color: var( --e-global-color-text ); font-family: var( --e-global-typography-primary-font-family ); font-size: 1rem; font-weight: bolder;"><span style="font-weight: bolder;">31 mars 2026.</span></span></p>								</div>
				</div>
				<div class="dce-fix-background-loop elementor-element elementor-element-fc6cf11 textcontent-position-bottom_in acfposts-align-left elementor-widget elementor-widget-dyncontel-acfposts" data-id="fc6cf11" data-element_type="widget" data-e-type="widget" data-settings="{&quot;order_image&quot;:&quot;yes&quot;,&quot;textcontent_position&quot;:&quot;bottom_in&quot;}" data-widget_type="dyncontel-acfposts.default">
				<div class="elementor-widget-container">
								<div class="acfposts-grid dce-posts-wrap flexgrid-style equalHMRWrap eqWrap" data-style="flexgrid">

				
					<div data-dce-post-id="7903" class="dce-post-item dce-post-item-7903 dce-elementor-7903 elementor-7896 column-5   equalHMR eq">

						
						<div class="dce-wrapper ">

							
																<div class="dce-acfposts_content">
									<h2 class="dce-post-title">		<a href="https://www.fondation-sana.ch/fr/wir-tragen-dazu-bei-versorgungsluecken-im-gesundheitswesen-zu-schliessen-und-so-das-leben-fuer-menschen-besser-zu-machen/">« Nous contribuons à combler les lacunes de la prise en charge dans le domaine de la santé et ainsi à améliorer la vie des gens »</a>		</h2>		<div class="dce-acfposts_image">
			<div class="dce-acfposts_imagewrap">			<a href="https://www.fondation-sana.ch/fr/wir-tragen-dazu-bei-versorgungsluecken-im-gesundheitswesen-zu-schliessen-und-so-das-leben-fuer-menschen-besser-zu-machen/">							<img decoding="async" src="https://www.fondation-sana.ch/wp-content/uploads/2026/08/img-fondation-sana-rolf-leutert-1024x683.jpg" title="« Nous contribuons à combler les lacunes de la prise en charge dans le domaine de la santé et ainsi à améliorer la vie des gens »" class="acfposts-image" />
				
									</a>			</div>		</div>

		<div class="dce-post-date"><span class="d1">12. août 2026</span></div>		<div class="dce_textcontent">
						Dans un bref entretien, Rolf Leutert, Président de la Fondation Sana depuis cinq ans, revient pour nous sur ce qui l'a motivé au cours de cette période, sur les réalisations du Conseil de Fondation et sur les orientations futures de la Fondation.		</div>
		<div class="dce_readmore_wrapper"><a href="https://www.fondation-sana.ch/fr/wir-tragen-dazu-bei-versorgungsluecken-im-gesundheitswesen-zu-schliessen-und-so-das-leben-fuer-menschen-besser-zu-machen/" class="dce_readmore_btn">Plus …</a></div>
								</div>
																						</div><!-- end wrapper -->

					</div><!-- end item -->

					
			</div><!-- end grid -->

			
							</div>
				</div>
					</div>
		</div>
					</div>
		</section>
				<section class="elementor-section elementor-top-section elementor-element elementor-element-6a8c8e7 elementor-section-boxed elementor-section-height-default elementor-section-height-default" data-id="6a8c8e7" data-element_type="section" data-e-type="section">
						<div class="elementor-container elementor-column-gap-default">
					<div class="elementor-column elementor-col-100 elementor-top-column elementor-element elementor-element-03ab6fa" data-id="03ab6fa" data-element_type="column" data-e-type="column">
			<div class="elementor-widget-wrap">
							</div>
		</div>
					</div>
		</section>
				</div>

<p>Avec le Prix Sana, la Fondation Sana distingue, chaque année, une ou plusieurs personnes qui s’engagent de manière altruiste pour le bien de leurs semblables. Ces bienfaitrices et bienfaiteurs silencieux sont partout. Ils fournissent une contribution inestimable pour la santé, que ce soit sous la forme d’actions, de réconfort ou simplement d’un sourire. Ils méritent notre reconnaissance !</p>
