{"id":833,"date":"2014-11-07T04:28:39","date_gmt":"2014-11-07T04:28:39","guid":{"rendered":"http:\/\/194.126.200.58\/~fondati1\/?page_id=833"},"modified":"2020-10-01T16:12:57","modified_gmt":"2020-10-01T14:12:57","slug":"fonds","status":"publish","type":"page","link":"https:\/\/www.fondation-sana.ch\/fr\/fonds\/","title":{"rendered":"Fonds"},"content":{"rendered":"\t\t<div data-elementor-type=\"wp-page\" data-elementor-id=\"833\" class=\"elementor elementor-833 elementor-131\" data-elementor-post-type=\"page\">\n\t\t\t\t\t\t<section data-dce-background-image-url=\"https:\/\/www.fondation-sana.ch\/wp-content\/uploads\/2020\/09\/img-fondation-sana-verlauf.jpg\" class=\"elementor-section elementor-top-section elementor-element elementor-element-865c4ac homePostSection elementor-section-stretched elementor-section-boxed elementor-section-height-default elementor-section-height-default\" data-id=\"865c4ac\" data-element_type=\"section\" data-e-type=\"section\" data-settings=\"{&quot;background_background&quot;:&quot;classic&quot;,&quot;stretch_section&quot;:&quot;section-stretched&quot;}\">\n\t\t\t\t\t\t<div class=\"elementor-container elementor-column-gap-default\">\n\t\t\t\t\t<div class=\"elementor-column elementor-col-50 elementor-top-column elementor-element elementor-element-0335ba2\" data-id=\"0335ba2\" data-element_type=\"column\" data-e-type=\"column\" data-settings=\"{&quot;background_background&quot;:&quot;classic&quot;}\">\n\t\t\t<div class=\"elementor-widget-wrap elementor-element-populated\">\n\t\t\t\t\t\t<div class=\"dce-fix-background-loop elementor-element elementor-element-1cfef73 acfposts-align-center image-acfposts-position-top text-acfposts-position-outside textcontent-position-bottom_in elementor-widget elementor-widget-dyncontel-acfposts\" data-id=\"1cfef73\" data-element_type=\"widget\" data-e-type=\"widget\" data-settings=\"{&quot;textcontent_position&quot;:&quot;bottom_in&quot;}\" data-widget_type=\"dyncontel-acfposts.default\">\n\t\t\t\t<div class=\"elementor-widget-container\">\n\t\t\t\t\t\t\t\t<div class=\"acfposts-grid dce-posts-wrap flexgrid-style equalHMRWrap eqWrap\" data-style=\"flexgrid\">\n\n\t\t\t\t\n\t\t\t\t\t<div data-dce-post-id=\"863\" class=\"dce-post-item dce-post-item-863 dce-elementor-863 elementor-105 column-1   equalHMR eq\">\n\n\t\t\t\t\t\t\n\t\t\t\t\t\t<div class=\"dce-wrapper \">\n\n\t\t\t\t\t\t\t\n\t\t\t\t\t\t\t\t\t\t<div class=\"dce-acfposts_image\">\n\t\t\t<div class=\"dce-acfposts_imagewrap\">\t\t\t<a href=\"https:\/\/www.fondation-sana.ch\/fr\/fonds\/le-fonds-daide-pour-assures-dans-le-besoin\/\">\t\t\t\t\t\t\t<img decoding=\"async\" src=\"https:\/\/www.fondation-sana.ch\/wp-content\/uploads\/elementor\/thumbs\/img-header-fussbalspiel-kinder-ovsp1wzahesafgg42enui9x56147w6wt54ufyopcz4.jpg\" title=\"Le Fonds d&rsquo;aide pour assur\u00e9s dans le besoin\" class=\"acfposts-image\" \/>\n\t\t\t\t\n\t\t\t\t\t\t\t\t\t<\/a>\t\t\t<\/div>\t\t<\/div>\n\n\t\t\t\t\t\t\t\t\t\t<div class=\"dce-acfposts_content\">\n\t\t\t\t\t\t\t\t\t<h3 class=\"dce-post-title\">\t\t<a href=\"https:\/\/www.fondation-sana.ch\/fr\/fonds\/le-fonds-daide-pour-assures-dans-le-besoin\/\">Le Fonds d&rsquo;aide pour assur\u00e9s dans le besoin<\/a>\t\t<\/h3>\t\t<div class=\"dce_textcontent\">\n\t\t\t\t\t\tLe Fonds d'aide pour assur\u00e9s dans le besoin a \u00e9t\u00e9 cr\u00e9\u00e9 pour des assur\u00e9s du Groupe Helsana qui ont besoin rapidement d'une prestation m\u00e9dicale, mais qui ne peuvent pas la payer, ou ne le peuvent qu'au prix de cons\u00e9quences financi\u00e8res intol\u00e9rables.\t\t<\/div>\n\t\t<div class=\"dce_readmore_wrapper\"><a href=\"https:\/\/www.fondation-sana.ch\/fr\/fonds\/le-fonds-daide-pour-assures-dans-le-besoin\/\" class=\"dce_readmore_btn\">Plus d'informations...<\/a><\/div>\n\t\t\t\t\t\t\t\t<\/div>\n\t\t\t\t\t\t\t\t\t\t\t\t\t\t\t\t\t\t\t\t\t\t<\/div><!-- end wrapper -->\n\n\t\t\t\t\t<\/div><!-- end item -->\n\n\t\t\t\t\t\n\t\t\t<\/div><!-- end grid -->\n\n\t\t\t\n\t\t\t\t\t\t\t<\/div>\n\t\t\t\t<\/div>\n\t\t\t\t\t<\/div>\n\t\t<\/div>\n\t\t\t\t<div class=\"elementor-column elementor-col-50 elementor-top-column elementor-element elementor-element-f51f31d\" data-id=\"f51f31d\" data-element_type=\"column\" data-e-type=\"column\" data-settings=\"{&quot;background_background&quot;:&quot;classic&quot;}\">\n\t\t\t<div class=\"elementor-widget-wrap elementor-element-populated\">\n\t\t\t\t\t\t<div class=\"dce-fix-background-loop elementor-element elementor-element-0943dad acfposts-align-center image-acfposts-position-top text-acfposts-position-outside textcontent-position-bottom_in elementor-widget elementor-widget-dyncontel-acfposts\" data-id=\"0943dad\" data-element_type=\"widget\" data-e-type=\"widget\" data-settings=\"{&quot;textcontent_position&quot;:&quot;bottom_in&quot;}\" data-widget_type=\"dyncontel-acfposts.default\">\n\t\t\t\t<div class=\"elementor-widget-container\">\n\t\t\t\t\t\t\t\t<div class=\"acfposts-grid dce-posts-wrap flexgrid-style equalHMRWrap eqWrap\" data-style=\"flexgrid\">\n\n\t\t\t\t\n\t\t\t\t\t<div data-dce-post-id=\"878\" class=\"dce-post-item dce-post-item-878 dce-elementor-878 elementor-325 column-1   equalHMR eq\">\n\n\t\t\t\t\t\t\n\t\t\t\t\t\t<div class=\"dce-wrapper \">\n\n\t\t\t\t\t\t\t\n\t\t\t\t\t\t\t\t\t\t<div class=\"dce-acfposts_image\">\n\t\t\t<div class=\"dce-acfposts_imagewrap\">\t\t\t<a href=\"https:\/\/www.fondation-sana.ch\/fr\/fonds\/fonds-pour-la-promotion-de-la-sante\/\">\t\t\t\t\t\t\t<img decoding=\"async\" src=\"https:\/\/www.fondation-sana.ch\/wp-content\/uploads\/elementor\/thumbs\/img-header-aktivitaeten-velos-ovsouv6v854vcqor8cykt1yorzv45wxa68pcdz5nn4.jpg\" title=\"Fonds pour la promotion de la sant\u00e9 et de la pr\u00e9vention\" class=\"acfposts-image\" \/>\n\t\t\t\t\n\t\t\t\t\t\t\t\t\t<\/a>\t\t\t<\/div>\t\t<\/div>\n\n\t\t\t\t\t\t\t\t\t\t<div class=\"dce-acfposts_content\">\n\t\t\t\t\t\t\t\t\t<h3 class=\"dce-post-title\">\t\t<a href=\"https:\/\/www.fondation-sana.ch\/fr\/fonds\/fonds-pour-la-promotion-de-la-sante\/\">Fonds pour la promotion de la sant\u00e9 et de la pr\u00e9vention<\/a>\t\t<\/h3>\t\t<div class=\"dce_textcontent\">\n\t\t\t\t\t\tLe Fonds pour la promotion de la sant\u00e9 et de la pr\u00e9vention a \u00e9t\u00e9 cr\u00e9\u00e9 pour la promotion financi\u00e8re de projet dans les deux domaines cit\u00e9s.\t\t<\/div>\n\t\t<div class=\"dce_readmore_wrapper\"><a href=\"https:\/\/www.fondation-sana.ch\/fr\/fonds\/fonds-pour-la-promotion-de-la-sante\/\" class=\"dce_readmore_btn\">Plus d'informations...<\/a><\/div>\n\t\t\t\t\t\t\t\t<\/div>\n\t\t\t\t\t\t\t\t\t\t\t\t\t\t\t\t\t\t\t\t\t\t<\/div><!-- end wrapper -->\n\n\t\t\t\t\t<\/div><!-- end item -->\n\n\t\t\t\t\t\n\t\t\t<\/div><!-- end grid -->\n\n\t\t\t\n\t\t\t\t\t\t\t<\/div>\n\t\t\t\t<\/div>\n\t\t\t\t\t<\/div>\n\t\t<\/div>\n\t\t\t\t\t<\/div>\n\t\t<\/section>\n\t\t\t\t<\/div>\n\t\t","protected":false},"excerpt":{"rendered":"<p>Le Fonds d&#8217;aide pour assur\u00e9s dans le besoin Le Fonds d&rsquo;aide pour assur\u00e9s dans le besoin a \u00e9t\u00e9 cr\u00e9\u00e9 pour des assur\u00e9s du Groupe Helsana qui ont besoin rapidement d&rsquo;une prestation m\u00e9dicale, mais qui ne peuvent pas la payer, ou ne le peuvent qu&rsquo;au prix de cons\u00e9quences financi\u00e8res intol\u00e9rables. Plus d&rsquo;informations&#8230; Fonds pour la promotion [&hellip;]<\/p>\n","protected":false},"author":2,"featured_media":0,"parent":0,"menu_order":0,"comment_status":"closed","ping_status":"closed","template":"","meta":{"_acf_changed":false,"_monsterinsights_skip_tracking":false,"_monsterinsights_sitenote_active":false,"_monsterinsights_sitenote_note":"","_monsterinsights_sitenote_category":0,"footnotes":""},"class_list":["post-833","page","type-page","status-publish","hentry"],"acf":[],"_links":{"self":[{"href":"https:\/\/www.fondation-sana.ch\/fr\/wp-json\/wp\/v2\/pages\/833","targetHints":{"allow":["GET"]}}],"collection":[{"href":"https:\/\/www.fondation-sana.ch\/fr\/wp-json\/wp\/v2\/pages"}],"about":[{"href":"https:\/\/www.fondation-sana.ch\/fr\/wp-json\/wp\/v2\/types\/page"}],"author":[{"embeddable":true,"href":"https:\/\/www.fondation-sana.ch\/fr\/wp-json\/wp\/v2\/users\/2"}],"replies":[{"embeddable":true,"href":"https:\/\/www.fondation-sana.ch\/fr\/wp-json\/wp\/v2\/comments?post=833"}],"version-history":[{"count":16,"href":"https:\/\/www.fondation-sana.ch\/fr\/wp-json\/wp\/v2\/pages\/833\/revisions"}],"predecessor-version":[{"id":5165,"href":"https:\/\/www.fondation-sana.ch\/fr\/wp-json\/wp\/v2\/pages\/833\/revisions\/5165"}],"wp:attachment":[{"href":"https:\/\/www.fondation-sana.ch\/fr\/wp-json\/wp\/v2\/media?parent=833"}],"curies":[{"name":"wp","href":"https:\/\/api.w.org\/{rel}","templated":true}]}}

<div data-elementor-type="wp-page" data-elementor-id="833" class="elementor elementor-833 elementor-131" data-elementor-post-type="page">
						<section data-dce-background-image-url="https://www.fondation-sana.ch/wp-content/uploads/2020/09/img-fondation-sana-verlauf.jpg" class="elementor-section elementor-top-section elementor-element elementor-element-865c4ac homePostSection elementor-section-stretched elementor-section-boxed elementor-section-height-default elementor-section-height-default" data-id="865c4ac" data-element_type="section" data-e-type="section" data-settings="{&quot;background_background&quot;:&quot;classic&quot;,&quot;stretch_section&quot;:&quot;section-stretched&quot;}">
						<div class="elementor-container elementor-column-gap-default">
					<div class="elementor-column elementor-col-50 elementor-top-column elementor-element elementor-element-0335ba2" data-id="0335ba2" data-element_type="column" data-e-type="column" data-settings="{&quot;background_background&quot;:&quot;classic&quot;}">
			<div class="elementor-widget-wrap elementor-element-populated">
						<div class="dce-fix-background-loop elementor-element elementor-element-1cfef73 acfposts-align-center image-acfposts-position-top text-acfposts-position-outside textcontent-position-bottom_in elementor-widget elementor-widget-dyncontel-acfposts" data-id="1cfef73" data-element_type="widget" data-e-type="widget" data-settings="{&quot;textcontent_position&quot;:&quot;bottom_in&quot;}" data-widget_type="dyncontel-acfposts.default">
				<div class="elementor-widget-container">
								<div class="acfposts-grid dce-posts-wrap flexgrid-style equalHMRWrap eqWrap" data-style="flexgrid">

				
					<div data-dce-post-id="863" class="dce-post-item dce-post-item-863 dce-elementor-863 elementor-105 column-1   equalHMR eq">

						
						<div class="dce-wrapper ">

							
										<div class="dce-acfposts_image">
			<div class="dce-acfposts_imagewrap">			<a href="https://www.fondation-sana.ch/fr/fonds/le-fonds-daide-pour-assures-dans-le-besoin/">							<img decoding="async" src="https://www.fondation-sana.ch/wp-content/uploads/elementor/thumbs/img-header-fussbalspiel-kinder-ovsp1wzahesafgg42enui9x56147w6wt54ufyopcz4.jpg" title="Le Fonds d&rsquo;aide pour assurés dans le besoin" class="acfposts-image" />
				
									</a>			</div>		</div>

										<div class="dce-acfposts_content">
									<h3 class="dce-post-title">		<a href="https://www.fondation-sana.ch/fr/fonds/le-fonds-daide-pour-assures-dans-le-besoin/">Le Fonds d&rsquo;aide pour assurés dans le besoin</a>		</h3>		<div class="dce_textcontent">
						Le Fonds d'aide pour assurés dans le besoin a été créé pour des assurés du Groupe Helsana qui ont besoin rapidement d'une prestation médicale, mais qui ne peuvent pas la payer, ou ne le peuvent qu'au prix de conséquences financières intolérables.		</div>
		<div class="dce_readmore_wrapper"><a href="https://www.fondation-sana.ch/fr/fonds/le-fonds-daide-pour-assures-dans-le-besoin/" class="dce_readmore_btn">Plus d'informations...</a></div>
								</div>
																						</div><!-- end wrapper -->

					</div><!-- end item -->

					
			</div><!-- end grid -->

			
							</div>
				</div>
					</div>
		</div>
				<div class="elementor-column elementor-col-50 elementor-top-column elementor-element elementor-element-f51f31d" data-id="f51f31d" data-element_type="column" data-e-type="column" data-settings="{&quot;background_background&quot;:&quot;classic&quot;}">
			<div class="elementor-widget-wrap elementor-element-populated">
						<div class="dce-fix-background-loop elementor-element elementor-element-0943dad acfposts-align-center image-acfposts-position-top text-acfposts-position-outside textcontent-position-bottom_in elementor-widget elementor-widget-dyncontel-acfposts" data-id="0943dad" data-element_type="widget" data-e-type="widget" data-settings="{&quot;textcontent_position&quot;:&quot;bottom_in&quot;}" data-widget_type="dyncontel-acfposts.default">
				<div class="elementor-widget-container">
								<div class="acfposts-grid dce-posts-wrap flexgrid-style equalHMRWrap eqWrap" data-style="flexgrid">

				
					<div data-dce-post-id="878" class="dce-post-item dce-post-item-878 dce-elementor-878 elementor-325 column-1   equalHMR eq">

						
						<div class="dce-wrapper ">

							
										<div class="dce-acfposts_image">
			<div class="dce-acfposts_imagewrap">			<a href="https://www.fondation-sana.ch/fr/fonds/fonds-pour-la-promotion-de-la-sante/">							<img decoding="async" src="https://www.fondation-sana.ch/wp-content/uploads/elementor/thumbs/img-header-aktivitaeten-velos-ovsouv6v854vcqor8cykt1yorzv45wxa68pcdz5nn4.jpg" title="Fonds pour la promotion de la santé et de la prévention" class="acfposts-image" />
				
									</a>			</div>		</div>

										<div class="dce-acfposts_content">
									<h3 class="dce-post-title">		<a href="https://www.fondation-sana.ch/fr/fonds/fonds-pour-la-promotion-de-la-sante/">Fonds pour la promotion de la santé et de la prévention</a>		</h3>		<div class="dce_textcontent">
						Le Fonds pour la promotion de la santé et de la prévention a été créé pour la promotion financière de projet dans les deux domaines cités.		</div>
		<div class="dce_readmore_wrapper"><a href="https://www.fondation-sana.ch/fr/fonds/fonds-pour-la-promotion-de-la-sante/" class="dce_readmore_btn">Plus d'informations...</a></div>
								</div>
																						</div><!-- end wrapper -->

					</div><!-- end item -->

					
			</div><!-- end grid -->

			
							</div>
				</div>
					</div>
		</div>
					</div>
		</section>
				</div>

<p>Le Fonds d&#8217;aide pour assurés dans le besoin Le Fonds d&rsquo;aide pour assurés dans le besoin a été créé pour des assurés du Groupe Helsana qui ont besoin rapidement d&rsquo;une prestation médicale, mais qui ne peuvent pas la payer, ou ne le peuvent qu&rsquo;au prix de conséquences financières intolérables. Plus d&rsquo;informations&#8230; Fonds pour la promotion [&hellip;]</p>
