{"id":863,"date":"2014-10-24T13:11:08","date_gmt":"2014-10-24T11:11:08","guid":{"rendered":"http:\/\/194.126.200.58\/~fondati1\/?page_id=863"},"modified":"2024-09-26T10:41:28","modified_gmt":"2024-09-26T08:41:28","slug":"le-fonds-daide-pour-assures-dans-le-besoin","status":"publish","type":"page","link":"https:\/\/www.fondation-sana.ch\/fr\/fonds\/le-fonds-daide-pour-assures-dans-le-besoin\/","title":{"rendered":"Le Fonds d&rsquo;aide pour assur\u00e9s dans le besoin"},"content":{"rendered":"\t\t<div data-elementor-type=\"wp-page\" data-elementor-id=\"863\" class=\"elementor elementor-863 elementor-105\" data-elementor-post-type=\"page\">\n\t\t\t\t\t\t<section class=\"elementor-section elementor-top-section elementor-element elementor-element-dfbf1b1 elementor-section-boxed elementor-section-height-default elementor-section-height-default\" data-id=\"dfbf1b1\" data-element_type=\"section\" data-e-type=\"section\">\n\t\t\t\t\t\t<div class=\"elementor-container elementor-column-gap-default\">\n\t\t\t\t\t<div class=\"elementor-column elementor-col-100 elementor-top-column elementor-element elementor-element-7e89c2be\" data-id=\"7e89c2be\" data-element_type=\"column\" data-e-type=\"column\">\n\t\t\t<div class=\"elementor-widget-wrap elementor-element-populated\">\n\t\t\t\t\t\t<div class=\"elementor-element elementor-element-719490c2 elementor-widget elementor-widget-text-editor\" data-id=\"719490c2\" data-element_type=\"widget\" data-e-type=\"widget\" data-widget_type=\"text-editor.default\">\n\t\t\t\t<div class=\"elementor-widget-container\">\n\t\t\t\t\t\t\t\t\t<p>Le Fonds d&rsquo;aide pour assur\u00e9s dans le besoin a \u00e9t\u00e9 cr\u00e9\u00e9 pour des assur\u00e9s du Groupe Helsana qui ont besoin rapidement d&rsquo;une prestation m\u00e9dicale, mais qui ne peuvent pas la payer, ou ne le peuvent qu&rsquo;au prix de cons\u00e9quences financi\u00e8res intol\u00e9rables. Le Fonds d&rsquo;aide prend en charge concr\u00e8tement les frais de prestations m\u00e9dicales. Celles-ci peuvent \u00eatre de type divers, par exemple, des soins dentaires, un s\u00e9jour dans une station thermale, une aide technique pour personnes handicap\u00e9es ou le soutien par un professionnel prodiguant des soins. Sont exclus, des contributions au versement des cotisations aux Caisses de maladie ou des paiements pour des prestations r\u00e9p\u00e9titives. Un soutien de l&rsquo;Etat (p. ex. la r\u00e9duction du prix des primes) pourra \u00eatre sollicit\u00e9 pour des cas de ce type.<\/p>\n<p>En r\u00e8gle g\u00e9n\u00e9rale, le Fonds d&rsquo;aide fournit une aide \u00e0 des assur\u00e9s dans le besoin, rapidement et de mani\u00e8re non bureaucratique. Les conditions suivantes doivent \u00eatre satisfaites pour qu&rsquo;une demande de contribution puisse \u00eatre approuv\u00e9e :<\/p>\n<ul>\n<li>Vous \u00eates assur\u00e9\/e chez Helsana pour l\u2019assurance de base.<\/li>\n<li>Il n&rsquo;existe aucune couverture d&rsquo;assurance ou qu&rsquo;une couverture insuffisante par rapport \u00e0 la prestation m\u00e9dicale n\u00e9cessaire.<\/li>\n<li>Vous n&rsquo;\u00eates pas vous-m\u00eame responsable de la couverture d&rsquo;assurance insuffisante.<\/li>\n<li>L&rsquo;insuffisante couverture d&rsquo;assurance cr\u00e9e pour vous une situation intol\u00e9rable.<br>En raison de votre situation \u00e9conomique, il ne vous est pas ou que difficilement possible de supporter les frais non couverts.<br>D&rsquo;autres possibilit\u00e9s de couvrir les frais sont d\u00e9j\u00e0 \u00e9puis\u00e9es (p. ex. des pr\u00e9tentions \u00e0 prestations aupr\u00e8s de l&rsquo;AI, de l&rsquo;AVS ou aupr\u00e8s de soci\u00e9t\u00e9s d&rsquo;assurance priv\u00e9es).<\/li><\/ul>\t\t\t\t\t\t\t\t<\/div>\n\t\t\t\t<\/div>\n\t\t\t\t\t<\/div>\n\t\t<\/div>\n\t\t\t\t\t<\/div>\n\t\t<\/section>\n\t\t\t\t<section class=\"elementor-section elementor-top-section elementor-element elementor-element-440fdd2 elementor-section-boxed elementor-section-height-default elementor-section-height-default\" data-id=\"440fdd2\" data-element_type=\"section\" data-e-type=\"section\">\n\t\t\t\t\t\t<div class=\"elementor-container elementor-column-gap-default\">\n\t\t\t\t\t<div class=\"elementor-column elementor-col-100 elementor-top-column elementor-element elementor-element-acd799f\" data-id=\"acd799f\" data-element_type=\"column\" data-e-type=\"column\">\n\t\t\t<div class=\"elementor-widget-wrap elementor-element-populated\">\n\t\t\t\t\t\t<div class=\"elementor-element elementor-element-5d1cafb elementor-widget elementor-widget-heading\" data-id=\"5d1cafb\" data-element_type=\"widget\" data-e-type=\"widget\" data-widget_type=\"heading.default\">\n\t\t\t\t<div class=\"elementor-widget-container\">\n\t\t\t\t\t<h2 class=\"elementor-heading-title elementor-size-default\"><h1 style=\"font-family: Roboto, sans-serif;font-weight: var( --e-global-typography-primary-font-weight )\">D\u00e9poser une requ\u00eate<span style=\"color: var( --e-global-color-primary );font-family: var( --e-global-typography-primary-font-family ), Sans-serif;font-size: 2rem;font-weight: var( --e-global-typography-primary-font-weight )\"><\/span><\/h1><\/h2>\t\t\t\t<\/div>\n\t\t\t\t<\/div>\n\t\t\t\t\t<\/div>\n\t\t<\/div>\n\t\t\t\t\t<\/div>\n\t\t<\/section>\n\t\t\t\t<section class=\"elementor-section elementor-top-section elementor-element elementor-element-7db10a8 elementor-section-boxed elementor-section-height-default elementor-section-height-default\" data-id=\"7db10a8\" data-element_type=\"section\" data-e-type=\"section\">\n\t\t\t\t\t\t<div class=\"elementor-container elementor-column-gap-default\">\n\t\t\t\t\t<div class=\"elementor-column elementor-col-100 elementor-top-column elementor-element elementor-element-4d0142c\" data-id=\"4d0142c\" data-element_type=\"column\" data-e-type=\"column\">\n\t\t\t<div class=\"elementor-widget-wrap elementor-element-populated\">\n\t\t\t\t\t\t<div class=\"elementor-element elementor-element-0d36661 elementor-widget elementor-widget-text-editor\" data-id=\"0d36661\" data-element_type=\"widget\" data-e-type=\"widget\" data-widget_type=\"text-editor.default\">\n\t\t\t\t<div class=\"elementor-widget-container\">\n\t\t\t\t\t\t\t\t\t<p>Les requ\u00eates au Fonds d\u2019aide pour assur\u00e9s dans le besoin doivent satisfaire aux conditions du r\u00e8glement du fonds et \u00eatre accompagn\u00e9s d\u2019une justification \u00e9crite. Vous trouverez ce r\u00e8glement et d\u2019autres documents n\u00e9cessaires pour le d\u00e9p\u00f4t d\u2019une requ\u00eate sous la rubrique \u00ab T\u00e9l\u00e9chargements et documents \u00bb. Vous pouvez nous soumettre votre requ\u00eate par courrier postal, par courriel ou au moyen du formulaire en ligne. Les documents suivants doivent \u00eatre joints \u00e0 la requ\u00eate\u00a0:<\/p><ul style=\"font-size: 16px; background-color: #ffffff;\"><li style=\"font-size: 16px;\">Justification \u00e9crite<\/li><li style=\"font-size: 16px;\">Copie de la police d\u2019assurance obligatoire des soins actuelle (Helsana).<\/li><li style=\"font-size: 16px;\">Copie de la derni\u00e8re taxation d\u00e9finitive (pas de d\u00e9claration d\u2019imp\u00f4ts) ou autre document officiel attestant votre situation financi\u00e8re<\/li><li style=\"font-size: 16px;\">Procuration sign\u00e9e de la Fondation Sana \/ lev\u00e9e du secret m\u00e9dical<\/li><li style=\"font-size: 16px;\">Attestation de votre m\u00e9decin\/dentiste de la n\u00e9cessit\u00e9 m\u00e9dicale du traitement concern\u00e9<\/li><li style=\"font-size: 16px;\">R\u00e9capitulation \/ pr\u00e9sentation des co\u00fbts effectifs, p.ex. offre, devis, etc.<\/li><li style=\"font-size: 16px;\">Dans le cas de traitements dentaires : Le formulaire \u00abDescriptif de la denture\u00bb (\u00e0 compl\u00e9ter par votre m\u00e9decin dentiste) et radiographies (sur un support de donn\u00e9es ou par courriel \u00e0\u00a0<a href=\"mailto:in**@************na.ch\" data-original-string=\"5fY5hj0V3QON49\/YPourRg==928Pe51lXwzzkqzTRX0LQkP1Q3ayy91x8AqWFZRa+iPEp8=\" title=\"This contact has been encoded by Anti-Spam by CleanTalk. Click to decode. To finish the decoding make sure that JavaScript is enabled in your browser.\"><span \n                data-original-string='l50GJknuy+E3u7F\/q5+f6g==928UNq+FrmgJm723dyupM8mj\/bifcCejWg22fxwy8L4k+0='\n                class='apbct-email-encoder'\n                title='This contact has been encoded by Anti-Spam by CleanTalk. Click to decode. To finish the decoding make sure that JavaScript is enabled in your browser.'>in<span class=\"apbct-blur\">**<\/span>@<span class=\"apbct-blur\">************<\/span>na.ch<\/span><\/a>)<\/li><\/ul><p>ainsi que d\u2019autres documents attestant que les conditions pour l\u2019octroi de prestations de soutien sont satisfaites.<\/p><p>Avez-vous des questions compl\u00e9mentaires sur la pr\u00e9sentation de la requ\u00eate\u00a0? Le Bureau de la Fondation Sana vous apporte volontiers son aide au num\u00e9ro de t\u00e9l\u00e9phone 031 368 15 83.<\/p>\t\t\t\t\t\t\t\t<\/div>\n\t\t\t\t<\/div>\n\t\t\t\t\t<\/div>\n\t\t<\/div>\n\t\t\t\t\t<\/div>\n\t\t<\/section>\n\t\t\t\t<\/div>\n\t\t","protected":false},"excerpt":{"rendered":"<p>Le Fonds d&rsquo;aide pour assur\u00e9s dans le besoin a \u00e9t\u00e9 cr\u00e9\u00e9 pour des assur\u00e9s du Groupe Helsana qui ont besoin rapidement d&rsquo;une prestation m\u00e9dicale, mais qui ne peuvent pas la payer, ou ne le peuvent qu&rsquo;au prix de cons\u00e9quences financi\u00e8res intol\u00e9rables.<\/p>\n","protected":false},"author":2,"featured_media":4590,"parent":833,"menu_order":0,"comment_status":"closed","ping_status":"closed","template":"","meta":{"_acf_changed":false,"_monsterinsights_skip_tracking":false,"_monsterinsights_sitenote_active":false,"_monsterinsights_sitenote_note":"","_monsterinsights_sitenote_category":0,"footnotes":""},"class_list":["post-863","page","type-page","status-publish","has-post-thumbnail","hentry"],"acf":[],"_links":{"self":[{"href":"https:\/\/www.fondation-sana.ch\/fr\/wp-json\/wp\/v2\/pages\/863","targetHints":{"allow":["GET"]}}],"collection":[{"href":"https:\/\/www.fondation-sana.ch\/fr\/wp-json\/wp\/v2\/pages"}],"about":[{"href":"https:\/\/www.fondation-sana.ch\/fr\/wp-json\/wp\/v2\/types\/page"}],"author":[{"embeddable":true,"href":"https:\/\/www.fondation-sana.ch\/fr\/wp-json\/wp\/v2\/users\/2"}],"replies":[{"embeddable":true,"href":"https:\/\/www.fondation-sana.ch\/fr\/wp-json\/wp\/v2\/comments?post=863"}],"version-history":[{"count":40,"href":"https:\/\/www.fondation-sana.ch\/fr\/wp-json\/wp\/v2\/pages\/863\/revisions"}],"predecessor-version":[{"id":7496,"href":"https:\/\/www.fondation-sana.ch\/fr\/wp-json\/wp\/v2\/pages\/863\/revisions\/7496"}],"up":[{"embeddable":true,"href":"https:\/\/www.fondation-sana.ch\/fr\/wp-json\/wp\/v2\/pages\/833"}],"wp:featuredmedia":[{"embeddable":true,"href":"https:\/\/www.fondation-sana.ch\/fr\/wp-json\/wp\/v2\/media\/4590"}],"wp:attachment":[{"href":"https:\/\/www.fondation-sana.ch\/fr\/wp-json\/wp\/v2\/media?parent=863"}],"curies":[{"name":"wp","href":"https:\/\/api.w.org\/{rel}","templated":true}]}}

Le Fonds d&rsquo;aide pour assurés dans le besoin

<div data-elementor-type="wp-page" data-elementor-id="863" class="elementor elementor-863 elementor-105" data-elementor-post-type="page">
						<section class="elementor-section elementor-top-section elementor-element elementor-element-dfbf1b1 elementor-section-boxed elementor-section-height-default elementor-section-height-default" data-id="dfbf1b1" data-element_type="section" data-e-type="section">
						<div class="elementor-container elementor-column-gap-default">
					<div class="elementor-column elementor-col-100 elementor-top-column elementor-element elementor-element-7e89c2be" data-id="7e89c2be" data-element_type="column" data-e-type="column">
			<div class="elementor-widget-wrap elementor-element-populated">
						<div class="elementor-element elementor-element-719490c2 elementor-widget elementor-widget-text-editor" data-id="719490c2" data-element_type="widget" data-e-type="widget" data-widget_type="text-editor.default">
				<div class="elementor-widget-container">
									<p>Le Fonds d&rsquo;aide pour assurés dans le besoin a été créé pour des assurés du Groupe Helsana qui ont besoin rapidement d&rsquo;une prestation médicale, mais qui ne peuvent pas la payer, ou ne le peuvent qu&rsquo;au prix de conséquences financières intolérables. Le Fonds d&rsquo;aide prend en charge concrètement les frais de prestations médicales. Celles-ci peuvent être de type divers, par exemple, des soins dentaires, un séjour dans une station thermale, une aide technique pour personnes handicapées ou le soutien par un professionnel prodiguant des soins. Sont exclus, des contributions au versement des cotisations aux Caisses de maladie ou des paiements pour des prestations répétitives. Un soutien de l&rsquo;Etat (p. ex. la réduction du prix des primes) pourra être sollicité pour des cas de ce type.</p>
<p>En règle générale, le Fonds d&rsquo;aide fournit une aide à des assurés dans le besoin, rapidement et de manière non bureaucratique. Les conditions suivantes doivent être satisfaites pour qu&rsquo;une demande de contribution puisse être approuvée :</p>
<ul>
<li>Vous êtes assuré/e chez Helsana pour l’assurance de base.</li>
<li>Il n&rsquo;existe aucune couverture d&rsquo;assurance ou qu&rsquo;une couverture insuffisante par rapport à la prestation médicale nécessaire.</li>
<li>Vous n&rsquo;êtes pas vous-même responsable de la couverture d&rsquo;assurance insuffisante.</li>
<li>L&rsquo;insuffisante couverture d&rsquo;assurance crée pour vous une situation intolérable.<br>En raison de votre situation économique, il ne vous est pas ou que difficilement possible de supporter les frais non couverts.<br>D&rsquo;autres possibilités de couvrir les frais sont déjà épuisées (p. ex. des prétentions à prestations auprès de l&rsquo;AI, de l&rsquo;AVS ou auprès de sociétés d&rsquo;assurance privées).</li></ul>								</div>
				</div>
					</div>
		</div>
					</div>
		</section>
				<section class="elementor-section elementor-top-section elementor-element elementor-element-440fdd2 elementor-section-boxed elementor-section-height-default elementor-section-height-default" data-id="440fdd2" data-element_type="section" data-e-type="section">
						<div class="elementor-container elementor-column-gap-default">
					<div class="elementor-column elementor-col-100 elementor-top-column elementor-element elementor-element-acd799f" data-id="acd799f" data-element_type="column" data-e-type="column">
			<div class="elementor-widget-wrap elementor-element-populated">
						<div class="elementor-element elementor-element-5d1cafb elementor-widget elementor-widget-heading" data-id="5d1cafb" data-element_type="widget" data-e-type="widget" data-widget_type="heading.default">
				<div class="elementor-widget-container">
					<h2 class="elementor-heading-title elementor-size-default"><h1 style="font-family: Roboto, sans-serif;font-weight: var( --e-global-typography-primary-font-weight )">Déposer une requête<span style="color: var( --e-global-color-primary );font-family: var( --e-global-typography-primary-font-family ), Sans-serif;font-size: 2rem;font-weight: var( --e-global-typography-primary-font-weight )"></span></h1></h2>				</div>
				</div>
					</div>
		</div>
					</div>
		</section>
				<section class="elementor-section elementor-top-section elementor-element elementor-element-7db10a8 elementor-section-boxed elementor-section-height-default elementor-section-height-default" data-id="7db10a8" data-element_type="section" data-e-type="section">
						<div class="elementor-container elementor-column-gap-default">
					<div class="elementor-column elementor-col-100 elementor-top-column elementor-element elementor-element-4d0142c" data-id="4d0142c" data-element_type="column" data-e-type="column">
			<div class="elementor-widget-wrap elementor-element-populated">
						<div class="elementor-element elementor-element-0d36661 elementor-widget elementor-widget-text-editor" data-id="0d36661" data-element_type="widget" data-e-type="widget" data-widget_type="text-editor.default">
				<div class="elementor-widget-container">
									<p>Les requêtes au Fonds d’aide pour assurés dans le besoin doivent satisfaire aux conditions du règlement du fonds et être accompagnés d’une justification écrite. Vous trouverez ce règlement et d’autres documents nécessaires pour le dépôt d’une requête sous la rubrique « Téléchargements et documents ». Vous pouvez nous soumettre votre requête par courrier postal, par courriel ou au moyen du formulaire en ligne. Les documents suivants doivent être joints à la requête :</p><ul style="font-size: 16px; background-color: #ffffff;"><li style="font-size: 16px;">Justification écrite</li><li style="font-size: 16px;">Copie de la police d’assurance obligatoire des soins actuelle (Helsana).</li><li style="font-size: 16px;">Copie de la dernière taxation définitive (pas de déclaration d’impôts) ou autre document officiel attestant votre situation financière</li><li style="font-size: 16px;">Procuration signée de la Fondation Sana / levée du secret médical</li><li style="font-size: 16px;">Attestation de votre médecin/dentiste de la nécessité médicale du traitement concerné</li><li style="font-size: 16px;">Récapitulation / présentation des coûts effectifs, p.ex. offre, devis, etc.</li><li style="font-size: 16px;">Dans le cas de traitements dentaires : Le formulaire «Descriptif de la denture» (à compléter par votre médecin dentiste) et radiographies (sur un support de données ou par courriel à <a href="mailto:in**@************na.ch" data-original-string="5fY5hj0V3QON49/YPourRg==928Pe51lXwzzkqzTRX0LQkP1Q3ayy91x8AqWFZRa+iPEp8=" title="This contact has been encoded by Anti-Spam by CleanTalk. Click to decode. To finish the decoding make sure that JavaScript is enabled in your browser."><span 
                data-original-string='l50GJknuy+E3u7F/q5+f6g==928UNq+FrmgJm723dyupM8mj/bifcCejWg22fxwy8L4k+0='
                class='apbct-email-encoder'
                title='This contact has been encoded by Anti-Spam by CleanTalk. Click to decode. To finish the decoding make sure that JavaScript is enabled in your browser.'>in<span class="apbct-blur">**</span>@<span class="apbct-blur">************</span>na.ch</span></a>)</li></ul><p>ainsi que d’autres documents attestant que les conditions pour l’octroi de prestations de soutien sont satisfaites.</p><p>Avez-vous des questions complémentaires sur la présentation de la requête ? Le Bureau de la Fondation Sana vous apporte volontiers son aide au numéro de téléphone 031 368 15 83.</p>								</div>
				</div>
					</div>
		</div>
					</div>
		</section>
				</div>

<p>Le Fonds d&rsquo;aide pour assurés dans le besoin a été créé pour des assurés du Groupe Helsana qui ont besoin rapidement d&rsquo;une prestation médicale, mais qui ne peuvent pas la payer, ou ne le peuvent qu&rsquo;au prix de conséquences financières intolérables.</p>
