{"id":1190,"date":"2014-11-25T23:10:42","date_gmt":"2014-11-25T22:10:42","guid":{"rendered":"http:\/\/www.fondation-sana.ch\/?page_id=1190"},"modified":"2020-09-19T05:14:13","modified_gmt":"2020-09-19T03:14:13","slug":"prix-sana-2014-old-page","status":"publish","type":"page","link":"https:\/\/www.fondation-sana.ch\/it\/prix-sana\/prix-sana-2014-old-page\/","title":{"rendered":"Prix Sana 2014"},"content":{"rendered":"<p>[two_third valign=&#8221;top&#8221; animation=&#8221;none&#8221;]<\/p>\n<h3>Il premio nazionale per la salute Prix Sana va nel Canton Vaud e nella Svizzera orientale<\/h3>\n<p><strong>Il 29 novembre 2014 \u00e8 stato assegnato per la quarta volta il premio nazionale per la salute Prix Sana. Il primo e il secondo premio sono stati assegnati a due vodesi. Il terzo ha premiato una sangallese. Il Prix Sana della Fondation Sana ha una dotazione complessiva di 30&#8217;000 franchi ed \u00e8 il pi\u00f9 ingente premio per la salute conferito a singole persone. Conduttore e moderatore della Festa di premiazione, tenutasi allo Swiss Handicap di Lucerna, \u00e8 stato Nik Hartmann.<\/strong><\/p>\n<p>Ogni anno, la Fondation Sana conferisce il Prix Sana ad una o pi\u00f9 persone che si impegnano, con altruismo, per il bene di altri loro consimili. Quest&#8217;anno il Prix Sana \u00e8 stato assegnato contemporaneamente alle tre vincitrici. La Festa di premiazione, alla quale ha preso parte anche il Consigliere di Stato Guido Graf, responsabile del Dipartimento della salute e della socialit\u00e0 del Canton Lucerna, \u00e8 stata anche il momento clou del 10\u00b0 anniversario di vita della Fondation Sana.<\/p>\n<p>Le vincitrici sono state scelte dalla giuria dopo un esame accurato delle numerose candidature proposte. Il primo premio di 12&#8217;000 franchi \u00e8 andato a <strong>Carmen Arnold<\/strong>, Corcelles-pr\u00e8s-Payerne, Canton Vaud. Carmen Arnold ha dovuto affrontare nella sua vita molte avversit\u00e0 che il destino le ha riservato. Nonostante uno stato di salute gi\u00e0 molto compromesso, continua ad assistere a casa per circa 150 giorni all\u2019anno i suoi due figli (di 31 e 33 anni) gravemente disabili. L\u2019anno scorso \u00e8 stata colpita da una doppia disgrazia: prima ha perso suo marito e poco dopo il figlio sano. Ciononostante, Carmen Arnold continua tenacemente \u2013 ormai sola \u2013 a portare a casa i suoi figli ogni fine settimana e in tanti altri giorni sparsi sull\u2019arco dell\u2019anno, e ad occuparsi di loro 24 ore su 24 con sorprendente energia e tanto amore.<\/p>\n<p><iframe title=\"Prix Sana 2014 - Arnold (UT) 2\" width=\"800\" height=\"450\" src=\"https:\/\/www.youtube.com\/embed\/cKVn4zIXJv4?feature=oembed\" frameborder=\"0\" allow=\"accelerometer; autoplay; clipboard-write; encrypted-media; gyroscope; picture-in-picture\" allowfullscreen><\/iframe><\/p>\n<p>Il secondo premio di 10\u2018000 franchi \u00e8 andato ad <strong>Anna Stutz<\/strong>, Buchillon, Canton Vaud. Jade \u00e8 la figlia di Anna Stutz. \u00c8 affetta da autismo. 14 anni fa, Anna ha cercato di trovare una struttura di assistenza che accogliesse Jade per un breve periodo perch\u00e9 lei stessa doveva essere ricoverata in ospedale \u2013 invano! Nello stesso anno ha costituito con i suoi risparmi una fondazione per l\u2019assistenza di bambini autistici. La coraggiosa iniziativa si \u00e8 man mano sviluppata e oggi gestisce una casa d\u2019accoglienza per bambini e giovani autistici. A questi bambini Anna Stutz vuole permettere di disporre di un ambiente in grado di fornire un\u2019assistenza individualizzata e di condurre una vita quanto pi\u00f9 indipendente possibile. In questo modo allevia considerevolmente ogni giorno il peso che grava su molte famiglie che condividono lo stesso dramma umano.<\/p>\n<p><iframe title=\"Prix Sana 2014 - Stutz (UT) 2\" width=\"800\" height=\"450\" src=\"https:\/\/www.youtube.com\/embed\/ZbOcQGiw8Xg?feature=oembed\" frameborder=\"0\" allow=\"accelerometer; autoplay; clipboard-write; encrypted-media; gyroscope; picture-in-picture\" allowfullscreen><\/iframe><\/p>\n<p>Con il terzo premio di 8\u2018000 franchi \u00e8 stata infine premiata <strong>Claire Erne<\/strong>, Muolen, Canton San Gallo. Da 26 anni il marito di Claire Erne \u00e8 affetto dal morbo di Parkinson. E da altrettanto tempo Claire Erne si prende cura, con dedizione e amore disinteressati, di suo marito. Nel frattempo ha acquisito vaste conoscenze specifiche sul Parkinson, conoscenze che condivide da 12 anni con pazienti colpiti dalla stessa patologia e i loro famigliari nell\u2019ambito di un gruppo d\u2018auto-aiuto da lei fondato e di cui \u00e8 responsabile a titolo onorifico. Da due anni ha esteso questa sua attivit\u00e0 ad un altro gruppo d\u2018auto-aiuto per soli famigliari. Con la sua gioia di vivere e i suoi consigli ha infuso molto coraggio a tante persone.<\/p>\n<p><iframe title=\"Prix Sana 2014 - Erne (UT)\" width=\"800\" height=\"450\" src=\"https:\/\/www.youtube.com\/embed\/I2nMZSYvynE?feature=oembed\" frameborder=\"0\" allow=\"accelerometer; autoplay; clipboard-write; encrypted-media; gyroscope; picture-in-picture\" allowfullscreen><\/iframe><\/p>\n<h3>Inizio del bando di concorso per il Prix Sana 2015<\/h3>\n<p>Da subito parte la ricerca di candidate e candidati al prossimo Prix Sana. Tutti possono partecipare e presentare le loro proposte. Tra tutte le candidature pervenute verranno estratti a sorte cinque soggiorni in Hotel per un valore di 1\u2019000 franchi ciascuno.<\/p>\n<p>[\/two_third]<\/p>\n<p>[one_third_last valign=&#8221;top&#8221; animation=&#8221;none&#8221;]<\/p>\n<p>[box style=&#8221;simple&#8221;]<\/p>\n<p><strong>MEDIA<\/strong><\/p>\n<p><a href=\"http:\/\/www.fondation-sana.ch\/wp-content\/uploads\/2014\/11\/MM_PrixSana_141120_de.pdf\">Comunicato stampa 2014 (PDF tedesco)<\/a><br \/>\n<a href=\"http:\/\/www.fondation-sana.ch\/wp-content\/uploads\/2014\/11\/Images_Prix_Sana_2014.zip\">Immagini 2014 (ZIP)<\/a><\/p>\n<p>[\/box]<\/p>\n<div id='gallery-1' class='gallery galleryid-1190 gallery-columns-2 gallery-size-thumbnail'><figure class='gallery-item'>\n\t\t\t<div class='gallery-icon landscape'>\n\t\t\t\t<a href='https:\/\/www.fondation-sana.ch\/wp-content\/uploads\/2014\/11\/prix_sana_preisverleihung_2014_02.jpg'><img decoding=\"async\" width=\"150\" height=\"150\" src=\"https:\/\/www.fondation-sana.ch\/wp-content\/uploads\/2014\/11\/prix_sana_preisverleihung_2014_02-150x150.jpg\" class=\"attachment-thumbnail size-thumbnail\" alt=\"\" srcset=\"https:\/\/www.fondation-sana.ch\/wp-content\/uploads\/2014\/11\/prix_sana_preisverleihung_2014_02-150x150.jpg 150w, https:\/\/www.fondation-sana.ch\/wp-content\/uploads\/2014\/11\/prix_sana_preisverleihung_2014_02-55x55.jpg 55w\" sizes=\"(max-width: 150px) 100vw, 150px\" \/><\/a>\n\t\t\t<\/div><\/figure><figure class='gallery-item'>\n\t\t\t<div class='gallery-icon landscape'>\n\t\t\t\t<a href='https:\/\/www.fondation-sana.ch\/wp-content\/uploads\/2014\/11\/prix_sana_preisverleihung_2014_04.jpg'><img decoding=\"async\" width=\"150\" height=\"150\" src=\"https:\/\/www.fondation-sana.ch\/wp-content\/uploads\/2014\/11\/prix_sana_preisverleihung_2014_04-150x150.jpg\" class=\"attachment-thumbnail size-thumbnail\" alt=\"\" srcset=\"https:\/\/www.fondation-sana.ch\/wp-content\/uploads\/2014\/11\/prix_sana_preisverleihung_2014_04-150x150.jpg 150w, https:\/\/www.fondation-sana.ch\/wp-content\/uploads\/2014\/11\/prix_sana_preisverleihung_2014_04-55x55.jpg 55w\" sizes=\"(max-width: 150px) 100vw, 150px\" \/><\/a>\n\t\t\t<\/div><\/figure><figure class='gallery-item'>\n\t\t\t<div class='gallery-icon landscape'>\n\t\t\t\t<a href='https:\/\/www.fondation-sana.ch\/wp-content\/uploads\/2014\/11\/prix_sana_preisverleihung_2014_01.jpg'><img decoding=\"async\" width=\"150\" height=\"150\" src=\"https:\/\/www.fondation-sana.ch\/wp-content\/uploads\/2014\/11\/prix_sana_preisverleihung_2014_01-150x150.jpg\" class=\"attachment-thumbnail size-thumbnail\" alt=\"\" srcset=\"https:\/\/www.fondation-sana.ch\/wp-content\/uploads\/2014\/11\/prix_sana_preisverleihung_2014_01-150x150.jpg 150w, https:\/\/www.fondation-sana.ch\/wp-content\/uploads\/2014\/11\/prix_sana_preisverleihung_2014_01-55x55.jpg 55w\" sizes=\"(max-width: 150px) 100vw, 150px\" \/><\/a>\n\t\t\t<\/div><\/figure><figure class='gallery-item'>\n\t\t\t<div class='gallery-icon landscape'>\n\t\t\t\t<a href='https:\/\/www.fondation-sana.ch\/wp-content\/uploads\/2014\/11\/prix_sana_preisverleihung_2014_07.jpg'><img loading=\"lazy\" decoding=\"async\" width=\"150\" height=\"150\" src=\"https:\/\/www.fondation-sana.ch\/wp-content\/uploads\/2014\/11\/prix_sana_preisverleihung_2014_07-150x150.jpg\" class=\"attachment-thumbnail size-thumbnail\" alt=\"\" srcset=\"https:\/\/www.fondation-sana.ch\/wp-content\/uploads\/2014\/11\/prix_sana_preisverleihung_2014_07-150x150.jpg 150w, https:\/\/www.fondation-sana.ch\/wp-content\/uploads\/2014\/11\/prix_sana_preisverleihung_2014_07-55x55.jpg 55w\" sizes=\"(max-width: 150px) 100vw, 150px\" \/><\/a>\n\t\t\t<\/div><\/figure><figure class='gallery-item'>\n\t\t\t<div class='gallery-icon landscape'>\n\t\t\t\t<a href='https:\/\/www.fondation-sana.ch\/wp-content\/uploads\/2014\/11\/prix_sana_preisverleihung_2014_08.jpg'><img loading=\"lazy\" decoding=\"async\" width=\"150\" height=\"150\" src=\"https:\/\/www.fondation-sana.ch\/wp-content\/uploads\/2014\/11\/prix_sana_preisverleihung_2014_08-150x150.jpg\" class=\"attachment-thumbnail size-thumbnail\" alt=\"\" srcset=\"https:\/\/www.fondation-sana.ch\/wp-content\/uploads\/2014\/11\/prix_sana_preisverleihung_2014_08-150x150.jpg 150w, https:\/\/www.fondation-sana.ch\/wp-content\/uploads\/2014\/11\/prix_sana_preisverleihung_2014_08-55x55.jpg 55w\" sizes=\"(max-width: 150px) 100vw, 150px\" \/><\/a>\n\t\t\t<\/div><\/figure><figure class='gallery-item'>\n\t\t\t<div class='gallery-icon landscape'>\n\t\t\t\t<a href='https:\/\/www.fondation-sana.ch\/wp-content\/uploads\/2014\/11\/prix_sana_preisverleihung_2014_03.jpg'><img loading=\"lazy\" decoding=\"async\" width=\"150\" height=\"150\" src=\"https:\/\/www.fondation-sana.ch\/wp-content\/uploads\/2014\/11\/prix_sana_preisverleihung_2014_03-150x150.jpg\" class=\"attachment-thumbnail size-thumbnail\" alt=\"\" srcset=\"https:\/\/www.fondation-sana.ch\/wp-content\/uploads\/2014\/11\/prix_sana_preisverleihung_2014_03-150x150.jpg 150w, https:\/\/www.fondation-sana.ch\/wp-content\/uploads\/2014\/11\/prix_sana_preisverleihung_2014_03-55x55.jpg 55w\" sizes=\"(max-width: 150px) 100vw, 150px\" \/><\/a>\n\t\t\t<\/div><\/figure><figure class='gallery-item'>\n\t\t\t<div class='gallery-icon landscape'>\n\t\t\t\t<a href='https:\/\/www.fondation-sana.ch\/wp-content\/uploads\/2014\/11\/prix_sana_preisverleihung_2014_06.jpg'><img loading=\"lazy\" decoding=\"async\" width=\"150\" height=\"150\" src=\"https:\/\/www.fondation-sana.ch\/wp-content\/uploads\/2014\/11\/prix_sana_preisverleihung_2014_06-150x150.jpg\" class=\"attachment-thumbnail size-thumbnail\" alt=\"\" srcset=\"https:\/\/www.fondation-sana.ch\/wp-content\/uploads\/2014\/11\/prix_sana_preisverleihung_2014_06-150x150.jpg 150w, https:\/\/www.fondation-sana.ch\/wp-content\/uploads\/2014\/11\/prix_sana_preisverleihung_2014_06-55x55.jpg 55w\" sizes=\"(max-width: 150px) 100vw, 150px\" \/><\/a>\n\t\t\t<\/div><\/figure><figure class='gallery-item'>\n\t\t\t<div class='gallery-icon landscape'>\n\t\t\t\t<a href='https:\/\/www.fondation-sana.ch\/wp-content\/uploads\/2014\/11\/prix_sana_preisverleihung_2014_05.jpg'><img loading=\"lazy\" decoding=\"async\" width=\"150\" height=\"150\" src=\"https:\/\/www.fondation-sana.ch\/wp-content\/uploads\/2014\/11\/prix_sana_preisverleihung_2014_05-150x150.jpg\" class=\"attachment-thumbnail size-thumbnail\" alt=\"\" srcset=\"https:\/\/www.fondation-sana.ch\/wp-content\/uploads\/2014\/11\/prix_sana_preisverleihung_2014_05-150x150.jpg 150w, https:\/\/www.fondation-sana.ch\/wp-content\/uploads\/2014\/11\/prix_sana_preisverleihung_2014_05-55x55.jpg 55w\" sizes=\"(max-width: 150px) 100vw, 150px\" \/><\/a>\n\t\t\t<\/div><\/figure>\n\t\t<\/div>\n\n<p>[\/one_third_last]<\/p>\n","protected":false},"excerpt":{"rendered":"<p>[two_third valign=&#8221;top&#8221; animation=&#8221;none&#8221;] Il premio nazionale per la salute Prix Sana va nel Canton Vaud e nella Svizzera orientale Il 29 novembre 2014 \u00e8 stato assegnato per la quarta volta il premio nazionale per la salute Prix Sana. Il primo e il secondo premio sono stati assegnati a due vodesi. Il terzo ha premiato una [&hellip;]<\/p>\n","protected":false},"author":2,"featured_media":0,"parent":2169,"menu_order":0,"comment_status":"closed","ping_status":"closed","template":"","meta":{"_acf_changed":false,"_monsterinsights_skip_tracking":false,"_monsterinsights_sitenote_active":false,"_monsterinsights_sitenote_note":"","_monsterinsights_sitenote_category":0,"footnotes":""},"class_list":["post-1190","page","type-page","status-publish","hentry"],"acf":[],"_links":{"self":[{"href":"https:\/\/www.fondation-sana.ch\/it\/wp-json\/wp\/v2\/pages\/1190","targetHints":{"allow":["GET"]}}],"collection":[{"href":"https:\/\/www.fondation-sana.ch\/it\/wp-json\/wp\/v2\/pages"}],"about":[{"href":"https:\/\/www.fondation-sana.ch\/it\/wp-json\/wp\/v2\/types\/page"}],"author":[{"embeddable":true,"href":"https:\/\/www.fondation-sana.ch\/it\/wp-json\/wp\/v2\/users\/2"}],"replies":[{"embeddable":true,"href":"https:\/\/www.fondation-sana.ch\/it\/wp-json\/wp\/v2\/comments?post=1190"}],"version-history":[{"count":5,"href":"https:\/\/www.fondation-sana.ch\/it\/wp-json\/wp\/v2\/pages\/1190\/revisions"}],"predecessor-version":[{"id":2210,"href":"https:\/\/www.fondation-sana.ch\/it\/wp-json\/wp\/v2\/pages\/1190\/revisions\/2210"}],"up":[{"embeddable":true,"href":"https:\/\/www.fondation-sana.ch\/it\/wp-json\/wp\/v2\/pages\/2169"}],"wp:attachment":[{"href":"https:\/\/www.fondation-sana.ch\/it\/wp-json\/wp\/v2\/media?parent=1190"}],"curies":[{"name":"wp","href":"https:\/\/api.w.org\/{rel}","templated":true}]}}

<p>[two_third valign=&#8221;top&#8221; animation=&#8221;none&#8221;]</p>
<h3>Il premio nazionale per la salute Prix Sana va nel Canton Vaud e nella Svizzera orientale</h3>
<p><strong>Il 29 novembre 2014 è stato assegnato per la quarta volta il premio nazionale per la salute Prix Sana. Il primo e il secondo premio sono stati assegnati a due vodesi. Il terzo ha premiato una sangallese. Il Prix Sana della Fondation Sana ha una dotazione complessiva di 30&#8217;000 franchi ed è il più ingente premio per la salute conferito a singole persone. Conduttore e moderatore della Festa di premiazione, tenutasi allo Swiss Handicap di Lucerna, è stato Nik Hartmann.</strong></p>
<p>Ogni anno, la Fondation Sana conferisce il Prix Sana ad una o più persone che si impegnano, con altruismo, per il bene di altri loro consimili. Quest&#8217;anno il Prix Sana è stato assegnato contemporaneamente alle tre vincitrici. La Festa di premiazione, alla quale ha preso parte anche il Consigliere di Stato Guido Graf, responsabile del Dipartimento della salute e della socialità del Canton Lucerna, è stata anche il momento clou del 10° anniversario di vita della Fondation Sana.</p>
<p>Le vincitrici sono state scelte dalla giuria dopo un esame accurato delle numerose candidature proposte. Il primo premio di 12&#8217;000 franchi è andato a <strong>Carmen Arnold</strong>, Corcelles-près-Payerne, Canton Vaud. Carmen Arnold ha dovuto affrontare nella sua vita molte avversità che il destino le ha riservato. Nonostante uno stato di salute già molto compromesso, continua ad assistere a casa per circa 150 giorni all’anno i suoi due figli (di 31 e 33 anni) gravemente disabili. L’anno scorso è stata colpita da una doppia disgrazia: prima ha perso suo marito e poco dopo il figlio sano. Ciononostante, Carmen Arnold continua tenacemente – ormai sola – a portare a casa i suoi figli ogni fine settimana e in tanti altri giorni sparsi sull’arco dell’anno, e ad occuparsi di loro 24 ore su 24 con sorprendente energia e tanto amore.</p>
<p><iframe title="Prix Sana 2014 - Arnold (UT) 2" width="800" height="450" src="https://www.youtube.com/embed/cKVn4zIXJv4?feature=oembed" frameborder="0" allow="accelerometer; autoplay; clipboard-write; encrypted-media; gyroscope; picture-in-picture" allowfullscreen></iframe></p>
<p>Il secondo premio di 10‘000 franchi è andato ad <strong>Anna Stutz</strong>, Buchillon, Canton Vaud. Jade è la figlia di Anna Stutz. È affetta da autismo. 14 anni fa, Anna ha cercato di trovare una struttura di assistenza che accogliesse Jade per un breve periodo perché lei stessa doveva essere ricoverata in ospedale – invano! Nello stesso anno ha costituito con i suoi risparmi una fondazione per l’assistenza di bambini autistici. La coraggiosa iniziativa si è man mano sviluppata e oggi gestisce una casa d’accoglienza per bambini e giovani autistici. A questi bambini Anna Stutz vuole permettere di disporre di un ambiente in grado di fornire un’assistenza individualizzata e di condurre una vita quanto più indipendente possibile. In questo modo allevia considerevolmente ogni giorno il peso che grava su molte famiglie che condividono lo stesso dramma umano.</p>
<p><iframe title="Prix Sana 2014 - Stutz (UT) 2" width="800" height="450" src="https://www.youtube.com/embed/ZbOcQGiw8Xg?feature=oembed" frameborder="0" allow="accelerometer; autoplay; clipboard-write; encrypted-media; gyroscope; picture-in-picture" allowfullscreen></iframe></p>
<p>Con il terzo premio di 8‘000 franchi è stata infine premiata <strong>Claire Erne</strong>, Muolen, Canton San Gallo. Da 26 anni il marito di Claire Erne è affetto dal morbo di Parkinson. E da altrettanto tempo Claire Erne si prende cura, con dedizione e amore disinteressati, di suo marito. Nel frattempo ha acquisito vaste conoscenze specifiche sul Parkinson, conoscenze che condivide da 12 anni con pazienti colpiti dalla stessa patologia e i loro famigliari nell’ambito di un gruppo d‘auto-aiuto da lei fondato e di cui è responsabile a titolo onorifico. Da due anni ha esteso questa sua attività ad un altro gruppo d‘auto-aiuto per soli famigliari. Con la sua gioia di vivere e i suoi consigli ha infuso molto coraggio a tante persone.</p>
<p><iframe title="Prix Sana 2014 - Erne (UT)" width="800" height="450" src="https://www.youtube.com/embed/I2nMZSYvynE?feature=oembed" frameborder="0" allow="accelerometer; autoplay; clipboard-write; encrypted-media; gyroscope; picture-in-picture" allowfullscreen></iframe></p>
<h3>Inizio del bando di concorso per il Prix Sana 2015</h3>
<p>Da subito parte la ricerca di candidate e candidati al prossimo Prix Sana. Tutti possono partecipare e presentare le loro proposte. Tra tutte le candidature pervenute verranno estratti a sorte cinque soggiorni in Hotel per un valore di 1’000 franchi ciascuno.</p>
<p>[/two_third]</p>
<p>[one_third_last valign=&#8221;top&#8221; animation=&#8221;none&#8221;]</p>
<p>[box style=&#8221;simple&#8221;]</p>
<p><strong>MEDIA</strong></p>
<p><a href="http://www.fondation-sana.ch/wp-content/uploads/2014/11/MM_PrixSana_141120_de.pdf">Comunicato stampa 2014 (PDF tedesco)</a><br />
<a href="http://www.fondation-sana.ch/wp-content/uploads/2014/11/Images_Prix_Sana_2014.zip">Immagini 2014 (ZIP)</a></p>
<p>[/box]</p>
<div id='gallery-1' class='gallery galleryid-1190 gallery-columns-2 gallery-size-thumbnail'><figure class='gallery-item'>
			<div class='gallery-icon landscape'>
				<a href='https://www.fondation-sana.ch/wp-content/uploads/2014/11/prix_sana_preisverleihung_2014_02.jpg'><img decoding="async" width="150" height="150" src="https://www.fondation-sana.ch/wp-content/uploads/2014/11/prix_sana_preisverleihung_2014_02-150x150.jpg" class="attachment-thumbnail size-thumbnail" alt="" srcset="https://www.fondation-sana.ch/wp-content/uploads/2014/11/prix_sana_preisverleihung_2014_02-150x150.jpg 150w, https://www.fondation-sana.ch/wp-content/uploads/2014/11/prix_sana_preisverleihung_2014_02-55x55.jpg 55w" sizes="(max-width: 150px) 100vw, 150px" /></a>
			</div></figure><figure class='gallery-item'>
			<div class='gallery-icon landscape'>
				<a href='https://www.fondation-sana.ch/wp-content/uploads/2014/11/prix_sana_preisverleihung_2014_04.jpg'><img decoding="async" width="150" height="150" src="https://www.fondation-sana.ch/wp-content/uploads/2014/11/prix_sana_preisverleihung_2014_04-150x150.jpg" class="attachment-thumbnail size-thumbnail" alt="" srcset="https://www.fondation-sana.ch/wp-content/uploads/2014/11/prix_sana_preisverleihung_2014_04-150x150.jpg 150w, https://www.fondation-sana.ch/wp-content/uploads/2014/11/prix_sana_preisverleihung_2014_04-55x55.jpg 55w" sizes="(max-width: 150px) 100vw, 150px" /></a>
			</div></figure><figure class='gallery-item'>
			<div class='gallery-icon landscape'>
				<a href='https://www.fondation-sana.ch/wp-content/uploads/2014/11/prix_sana_preisverleihung_2014_01.jpg'><img decoding="async" width="150" height="150" src="https://www.fondation-sana.ch/wp-content/uploads/2014/11/prix_sana_preisverleihung_2014_01-150x150.jpg" class="attachment-thumbnail size-thumbnail" alt="" srcset="https://www.fondation-sana.ch/wp-content/uploads/2014/11/prix_sana_preisverleihung_2014_01-150x150.jpg 150w, https://www.fondation-sana.ch/wp-content/uploads/2014/11/prix_sana_preisverleihung_2014_01-55x55.jpg 55w" sizes="(max-width: 150px) 100vw, 150px" /></a>
			</div></figure><figure class='gallery-item'>
			<div class='gallery-icon landscape'>
				<a href='https://www.fondation-sana.ch/wp-content/uploads/2014/11/prix_sana_preisverleihung_2014_07.jpg'><img loading="lazy" decoding="async" width="150" height="150" src="https://www.fondation-sana.ch/wp-content/uploads/2014/11/prix_sana_preisverleihung_2014_07-150x150.jpg" class="attachment-thumbnail size-thumbnail" alt="" srcset="https://www.fondation-sana.ch/wp-content/uploads/2014/11/prix_sana_preisverleihung_2014_07-150x150.jpg 150w, https://www.fondation-sana.ch/wp-content/uploads/2014/11/prix_sana_preisverleihung_2014_07-55x55.jpg 55w" sizes="(max-width: 150px) 100vw, 150px" /></a>
			</div></figure><figure class='gallery-item'>
			<div class='gallery-icon landscape'>
				<a href='https://www.fondation-sana.ch/wp-content/uploads/2014/11/prix_sana_preisverleihung_2014_08.jpg'><img loading="lazy" decoding="async" width="150" height="150" src="https://www.fondation-sana.ch/wp-content/uploads/2014/11/prix_sana_preisverleihung_2014_08-150x150.jpg" class="attachment-thumbnail size-thumbnail" alt="" srcset="https://www.fondation-sana.ch/wp-content/uploads/2014/11/prix_sana_preisverleihung_2014_08-150x150.jpg 150w, https://www.fondation-sana.ch/wp-content/uploads/2014/11/prix_sana_preisverleihung_2014_08-55x55.jpg 55w" sizes="(max-width: 150px) 100vw, 150px" /></a>
			</div></figure><figure class='gallery-item'>
			<div class='gallery-icon landscape'>
				<a href='https://www.fondation-sana.ch/wp-content/uploads/2014/11/prix_sana_preisverleihung_2014_03.jpg'><img loading="lazy" decoding="async" width="150" height="150" src="https://www.fondation-sana.ch/wp-content/uploads/2014/11/prix_sana_preisverleihung_2014_03-150x150.jpg" class="attachment-thumbnail size-thumbnail" alt="" srcset="https://www.fondation-sana.ch/wp-content/uploads/2014/11/prix_sana_preisverleihung_2014_03-150x150.jpg 150w, https://www.fondation-sana.ch/wp-content/uploads/2014/11/prix_sana_preisverleihung_2014_03-55x55.jpg 55w" sizes="(max-width: 150px) 100vw, 150px" /></a>
			</div></figure><figure class='gallery-item'>
			<div class='gallery-icon landscape'>
				<a href='https://www.fondation-sana.ch/wp-content/uploads/2014/11/prix_sana_preisverleihung_2014_06.jpg'><img loading="lazy" decoding="async" width="150" height="150" src="https://www.fondation-sana.ch/wp-content/uploads/2014/11/prix_sana_preisverleihung_2014_06-150x150.jpg" class="attachment-thumbnail size-thumbnail" alt="" srcset="https://www.fondation-sana.ch/wp-content/uploads/2014/11/prix_sana_preisverleihung_2014_06-150x150.jpg 150w, https://www.fondation-sana.ch/wp-content/uploads/2014/11/prix_sana_preisverleihung_2014_06-55x55.jpg 55w" sizes="(max-width: 150px) 100vw, 150px" /></a>
			</div></figure><figure class='gallery-item'>
			<div class='gallery-icon landscape'>
				<a href='https://www.fondation-sana.ch/wp-content/uploads/2014/11/prix_sana_preisverleihung_2014_05.jpg'><img loading="lazy" decoding="async" width="150" height="150" src="https://www.fondation-sana.ch/wp-content/uploads/2014/11/prix_sana_preisverleihung_2014_05-150x150.jpg" class="attachment-thumbnail size-thumbnail" alt="" srcset="https://www.fondation-sana.ch/wp-content/uploads/2014/11/prix_sana_preisverleihung_2014_05-150x150.jpg 150w, https://www.fondation-sana.ch/wp-content/uploads/2014/11/prix_sana_preisverleihung_2014_05-55x55.jpg 55w" sizes="(max-width: 150px) 100vw, 150px" /></a>
			</div></figure>
		</div>

<p>[/one_third_last]</p>

<p>[two_third valign=&#8221;top&#8221; animation=&#8221;none&#8221;] Il premio nazionale per la salute Prix Sana va nel Canton Vaud e nella Svizzera orientale Il 29 novembre 2014 è stato assegnato per la quarta volta il premio nazionale per la salute Prix Sana. Il primo e il secondo premio sono stati assegnati a due vodesi. Il terzo ha premiato una [&hellip;]</p>
