{"id":2354,"date":"2016-11-09T15:32:33","date_gmt":"2016-11-09T14:32:33","guid":{"rendered":"http:\/\/www.fondation-sana.ch\/it\/prix-sana\/prix-sana-2016\/"},"modified":"2020-09-19T05:15:50","modified_gmt":"2020-09-19T03:15:50","slug":"prix-sana-2016-old-page","status":"publish","type":"page","link":"https:\/\/www.fondation-sana.ch\/it\/prix-sana\/prix-sana-2016-old-page\/","title":{"rendered":"Prix Sana 2016"},"content":{"rendered":"<p>[two_third valign=&#8221;top&#8221; animation=&#8221;none&#8221;]<\/p>\n<h2>Il Prix Sana 2016 viene assegnato a Heidi Reber di Rohrbach e a Heidi Zihlmann di Schwarzenberg<\/h2>\n<p><strong>Si aggiudicano il Prix Sana 2016 due donne: Heidi Reber di Rohrbach BE e Heidi Zihlmann di Schwarzenberg LU ricevono ciascuna 15&#8217;000 franchi per l&#8217;impegno altruistico e pluriennale profuso per il bene delle persone bisognose di cure e di assistenza nell&#8217;ambito della loro comunit\u00e0. Il Prix Sana viene assegnato da sei anni dalla Fondation Sana. La cerimonia di premiazione si \u00e8 svolta presso il Centro svizzero per paraplegici di Nottwil ed \u00e8 stata condotta da Nik Hartmann, in veste di moderatore.<\/strong><\/p>\n<p>Con un montepremi di 30&#8217;000 franchi il Prix Sana \u00e8 il premio per la salute pi\u00f9 ingente in Svizzera, che viene conferito alle persone che si impegnano a tale proposito. \u00abMolte persone si adoperano ogni giorno, spesso per anni, con altruismo, per sostenere la salute di persone malate, in cerca di aiuto o emarginate all&#8217;interno della loro comunit\u00e0\u00bb, dichiara il Presidente della giuria, il Prof. Dr. med. Martin Meuli, primario della clinica chirurgica al Kinderspital di Zurigo. Le storie di entrambe le vincitrici lo dimostrano in maniera esemplare. \u00abCon il Prix Sana desideriamo rendere onore a questi silenziosi benefattori.\u00bb<\/p>\n<p><strong>Heidi Reber (70) di\u00a0Rohrbach BE<\/strong> si \u00e8 presa praticamente cura di altre persone per una vita intera. \u00abSe esistesse qualcosa di simile a un premio Nobel in favore dell&#8217;impegno sociale, Heidi Reber dovrebbe sicuramente vincerlo\u00bb, ha dichiarato la sua amica di vecchia data che ha proposto la candidatura di Heidi Reber al Prix Sana. Adesso Heidi Reber vuole scrivere un libro su tutte le persone che ha incontrato e assistito in momenti difficili della loro vita.<\/p>\n<p><iframe title=\"PrixSana2016 Reber UT\" width=\"800\" height=\"450\" src=\"https:\/\/www.youtube.com\/embed\/WCnjz_0uhTc?feature=oembed\" frameborder=\"0\" allow=\"accelerometer; autoplay; clipboard-write; encrypted-media; gyroscope; picture-in-picture\" allowfullscreen><\/iframe><\/p>\n<p><strong>Heidi Zihlmann di\u00a0Schwarzenberg LU<\/strong>, la seconda vincitrice, ha 52 anni e non \u00e8 mai andata in vacanza. Non ha semplicemente mai avuto tempo per questo, afferma la figlia. Per anni ha curato a casa sua, nella fattoria, i parenti gravemente malati, in parte fino alla morte. Adesso la figlia di Heidi Zihlmann desidera che la madre possa finalmente realizzare la vacanza che sogna segretamente da sempre.<\/p>\n<p><iframe title=\"PrixSana2016 Zihlmann UT\" width=\"800\" height=\"450\" src=\"https:\/\/www.youtube.com\/embed\/ouUKep1M76w?feature=oembed\" frameborder=\"0\" allow=\"accelerometer; autoplay; clipboard-write; encrypted-media; gyroscope; picture-in-picture\" allowfullscreen><\/iframe><\/p>\n<p><strong>Entrambe le donne sono state premiate ciascuna con un premio in denaro del valore di 15&#8217;000 franchi e con la scultura del Prix Sana di Gottfried Honegger.<\/strong><\/p>\n<p>[\/two_third]<\/p>\n<p>[one_third_last valign=&#8221;top&#8221; animation=&#8221;none&#8221;]<\/p>\n<p>[box style=&#8221;simple&#8221;]<\/p>\n<p>MEDIA<\/p>\n<p><a href=\"http:\/\/www.fondation-sana.ch\/wp-content\/uploads\/2016\/11\/images_prix_sana_2016.zip\">Immagini 2016 (ZIP)<\/a><\/p>\n<p>[\/box]<\/p>\n<div id='gallery-1' class='gallery galleryid-2354 gallery-columns-2 gallery-size-thumbnail'><figure class='gallery-item'>\n\t\t\t<div class='gallery-icon landscape'>\n\t\t\t\t<a href='https:\/\/www.fondation-sana.ch\/wp-content\/uploads\/2016\/11\/004_PrixSana_mak.jpg'><img decoding=\"async\" width=\"150\" height=\"150\" src=\"https:\/\/www.fondation-sana.ch\/wp-content\/uploads\/2016\/11\/004_PrixSana_mak-150x150.jpg\" class=\"attachment-thumbnail size-thumbnail\" alt=\"\" srcset=\"https:\/\/www.fondation-sana.ch\/wp-content\/uploads\/2016\/11\/004_PrixSana_mak-150x150.jpg 150w, https:\/\/www.fondation-sana.ch\/wp-content\/uploads\/2016\/11\/004_PrixSana_mak-55x55.jpg 55w\" sizes=\"(max-width: 150px) 100vw, 150px\" \/><\/a>\n\t\t\t<\/div><\/figure><figure class='gallery-item'>\n\t\t\t<div class='gallery-icon landscape'>\n\t\t\t\t<a href='https:\/\/www.fondation-sana.ch\/wp-content\/uploads\/2016\/11\/005_PrixSana_mak.jpg'><img decoding=\"async\" width=\"150\" height=\"150\" src=\"https:\/\/www.fondation-sana.ch\/wp-content\/uploads\/2016\/11\/005_PrixSana_mak-150x150.jpg\" class=\"attachment-thumbnail size-thumbnail\" alt=\"\" srcset=\"https:\/\/www.fondation-sana.ch\/wp-content\/uploads\/2016\/11\/005_PrixSana_mak-150x150.jpg 150w, https:\/\/www.fondation-sana.ch\/wp-content\/uploads\/2016\/11\/005_PrixSana_mak-55x55.jpg 55w\" sizes=\"(max-width: 150px) 100vw, 150px\" \/><\/a>\n\t\t\t<\/div><\/figure><figure class='gallery-item'>\n\t\t\t<div class='gallery-icon landscape'>\n\t\t\t\t<a href='https:\/\/www.fondation-sana.ch\/wp-content\/uploads\/2016\/11\/009_PrixSana_mak.jpg'><img decoding=\"async\" width=\"150\" height=\"150\" src=\"https:\/\/www.fondation-sana.ch\/wp-content\/uploads\/2016\/11\/009_PrixSana_mak-150x150.jpg\" class=\"attachment-thumbnail size-thumbnail\" alt=\"\" srcset=\"https:\/\/www.fondation-sana.ch\/wp-content\/uploads\/2016\/11\/009_PrixSana_mak-150x150.jpg 150w, https:\/\/www.fondation-sana.ch\/wp-content\/uploads\/2016\/11\/009_PrixSana_mak-55x55.jpg 55w\" sizes=\"(max-width: 150px) 100vw, 150px\" \/><\/a>\n\t\t\t<\/div><\/figure><figure class='gallery-item'>\n\t\t\t<div class='gallery-icon landscape'>\n\t\t\t\t<a href='https:\/\/www.fondation-sana.ch\/wp-content\/uploads\/2016\/11\/003_PrixSana_mak.jpg'><img loading=\"lazy\" decoding=\"async\" width=\"150\" height=\"150\" src=\"https:\/\/www.fondation-sana.ch\/wp-content\/uploads\/2016\/11\/003_PrixSana_mak-150x150.jpg\" class=\"attachment-thumbnail size-thumbnail\" alt=\"\" srcset=\"https:\/\/www.fondation-sana.ch\/wp-content\/uploads\/2016\/11\/003_PrixSana_mak-150x150.jpg 150w, https:\/\/www.fondation-sana.ch\/wp-content\/uploads\/2016\/11\/003_PrixSana_mak-55x55.jpg 55w\" sizes=\"(max-width: 150px) 100vw, 150px\" \/><\/a>\n\t\t\t<\/div><\/figure><figure class='gallery-item'>\n\t\t\t<div class='gallery-icon landscape'>\n\t\t\t\t<a href='https:\/\/www.fondation-sana.ch\/wp-content\/uploads\/2016\/11\/006_PrixSana_mak.jpg'><img loading=\"lazy\" decoding=\"async\" width=\"150\" height=\"150\" src=\"https:\/\/www.fondation-sana.ch\/wp-content\/uploads\/2016\/11\/006_PrixSana_mak-150x150.jpg\" class=\"attachment-thumbnail size-thumbnail\" alt=\"\" srcset=\"https:\/\/www.fondation-sana.ch\/wp-content\/uploads\/2016\/11\/006_PrixSana_mak-150x150.jpg 150w, https:\/\/www.fondation-sana.ch\/wp-content\/uploads\/2016\/11\/006_PrixSana_mak-55x55.jpg 55w\" sizes=\"(max-width: 150px) 100vw, 150px\" \/><\/a>\n\t\t\t<\/div><\/figure><figure class='gallery-item'>\n\t\t\t<div class='gallery-icon landscape'>\n\t\t\t\t<a href='https:\/\/www.fondation-sana.ch\/wp-content\/uploads\/2016\/11\/001_PrixSana_mak.jpg'><img loading=\"lazy\" decoding=\"async\" width=\"150\" height=\"150\" src=\"https:\/\/www.fondation-sana.ch\/wp-content\/uploads\/2016\/11\/001_PrixSana_mak-150x150.jpg\" class=\"attachment-thumbnail size-thumbnail\" alt=\"\" srcset=\"https:\/\/www.fondation-sana.ch\/wp-content\/uploads\/2016\/11\/001_PrixSana_mak-150x150.jpg 150w, https:\/\/www.fondation-sana.ch\/wp-content\/uploads\/2016\/11\/001_PrixSana_mak-55x55.jpg 55w\" sizes=\"(max-width: 150px) 100vw, 150px\" \/><\/a>\n\t\t\t<\/div><\/figure><figure class='gallery-item'>\n\t\t\t<div class='gallery-icon landscape'>\n\t\t\t\t<a href='https:\/\/www.fondation-sana.ch\/wp-content\/uploads\/2016\/11\/002_PrixSana_mak.jpg'><img loading=\"lazy\" decoding=\"async\" width=\"150\" height=\"150\" src=\"https:\/\/www.fondation-sana.ch\/wp-content\/uploads\/2016\/11\/002_PrixSana_mak-150x150.jpg\" class=\"attachment-thumbnail size-thumbnail\" alt=\"\" srcset=\"https:\/\/www.fondation-sana.ch\/wp-content\/uploads\/2016\/11\/002_PrixSana_mak-150x150.jpg 150w, https:\/\/www.fondation-sana.ch\/wp-content\/uploads\/2016\/11\/002_PrixSana_mak-55x55.jpg 55w\" sizes=\"(max-width: 150px) 100vw, 150px\" \/><\/a>\n\t\t\t<\/div><\/figure><figure class='gallery-item'>\n\t\t\t<div class='gallery-icon landscape'>\n\t\t\t\t<a href='https:\/\/www.fondation-sana.ch\/wp-content\/uploads\/2016\/11\/010_PrixSana_mak.jpg'><img loading=\"lazy\" decoding=\"async\" width=\"150\" height=\"150\" src=\"https:\/\/www.fondation-sana.ch\/wp-content\/uploads\/2016\/11\/010_PrixSana_mak-150x150.jpg\" class=\"attachment-thumbnail size-thumbnail\" alt=\"\" srcset=\"https:\/\/www.fondation-sana.ch\/wp-content\/uploads\/2016\/11\/010_PrixSana_mak-150x150.jpg 150w, https:\/\/www.fondation-sana.ch\/wp-content\/uploads\/2016\/11\/010_PrixSana_mak-55x55.jpg 55w\" sizes=\"(max-width: 150px) 100vw, 150px\" \/><\/a>\n\t\t\t<\/div><\/figure><figure class='gallery-item'>\n\t\t\t<div class='gallery-icon landscape'>\n\t\t\t\t<a href='https:\/\/www.fondation-sana.ch\/wp-content\/uploads\/2016\/11\/007_PrixSana_mak.jpg'><img loading=\"lazy\" decoding=\"async\" width=\"150\" height=\"150\" src=\"https:\/\/www.fondation-sana.ch\/wp-content\/uploads\/2016\/11\/007_PrixSana_mak-150x150.jpg\" class=\"attachment-thumbnail size-thumbnail\" alt=\"\" srcset=\"https:\/\/www.fondation-sana.ch\/wp-content\/uploads\/2016\/11\/007_PrixSana_mak-150x150.jpg 150w, https:\/\/www.fondation-sana.ch\/wp-content\/uploads\/2016\/11\/007_PrixSana_mak-55x55.jpg 55w\" sizes=\"(max-width: 150px) 100vw, 150px\" \/><\/a>\n\t\t\t<\/div><\/figure><figure class='gallery-item'>\n\t\t\t<div class='gallery-icon landscape'>\n\t\t\t\t<a href='https:\/\/www.fondation-sana.ch\/wp-content\/uploads\/2016\/11\/008_PrixSana_mak.jpg'><img loading=\"lazy\" decoding=\"async\" width=\"150\" height=\"150\" src=\"https:\/\/www.fondation-sana.ch\/wp-content\/uploads\/2016\/11\/008_PrixSana_mak-150x150.jpg\" class=\"attachment-thumbnail size-thumbnail\" alt=\"\" srcset=\"https:\/\/www.fondation-sana.ch\/wp-content\/uploads\/2016\/11\/008_PrixSana_mak-150x150.jpg 150w, https:\/\/www.fondation-sana.ch\/wp-content\/uploads\/2016\/11\/008_PrixSana_mak-55x55.jpg 55w\" sizes=\"(max-width: 150px) 100vw, 150px\" \/><\/a>\n\t\t\t<\/div><\/figure>\n\t\t<\/div>\n\n<p>[\/one_third_last]<\/p>\n","protected":false},"excerpt":{"rendered":"<p>[two_third valign=&#8221;top&#8221; animation=&#8221;none&#8221;] Il Prix Sana 2016 viene assegnato a Heidi Reber di Rohrbach e a Heidi Zihlmann di Schwarzenberg Si aggiudicano il Prix Sana 2016 due donne: Heidi Reber di Rohrbach BE e Heidi Zihlmann di Schwarzenberg LU ricevono ciascuna 15&#8217;000 franchi per l&#8217;impegno altruistico e pluriennale profuso per il bene delle persone bisognose [&hellip;]<\/p>\n","protected":false},"author":1,"featured_media":0,"parent":2169,"menu_order":0,"comment_status":"closed","ping_status":"closed","template":"","meta":{"_acf_changed":false,"_monsterinsights_skip_tracking":false,"_monsterinsights_sitenote_active":false,"_monsterinsights_sitenote_note":"","_monsterinsights_sitenote_category":0,"footnotes":""},"class_list":["post-2354","page","type-page","status-publish","hentry"],"acf":[],"_links":{"self":[{"href":"https:\/\/www.fondation-sana.ch\/it\/wp-json\/wp\/v2\/pages\/2354","targetHints":{"allow":["GET"]}}],"collection":[{"href":"https:\/\/www.fondation-sana.ch\/it\/wp-json\/wp\/v2\/pages"}],"about":[{"href":"https:\/\/www.fondation-sana.ch\/it\/wp-json\/wp\/v2\/types\/page"}],"author":[{"embeddable":true,"href":"https:\/\/www.fondation-sana.ch\/it\/wp-json\/wp\/v2\/users\/1"}],"replies":[{"embeddable":true,"href":"https:\/\/www.fondation-sana.ch\/it\/wp-json\/wp\/v2\/comments?post=2354"}],"version-history":[{"count":10,"href":"https:\/\/www.fondation-sana.ch\/it\/wp-json\/wp\/v2\/pages\/2354\/revisions"}],"predecessor-version":[{"id":2409,"href":"https:\/\/www.fondation-sana.ch\/it\/wp-json\/wp\/v2\/pages\/2354\/revisions\/2409"}],"up":[{"embeddable":true,"href":"https:\/\/www.fondation-sana.ch\/it\/wp-json\/wp\/v2\/pages\/2169"}],"wp:attachment":[{"href":"https:\/\/www.fondation-sana.ch\/it\/wp-json\/wp\/v2\/media?parent=2354"}],"curies":[{"name":"wp","href":"https:\/\/api.w.org\/{rel}","templated":true}]}}

<p>[two_third valign=&#8221;top&#8221; animation=&#8221;none&#8221;]</p>
<h2>Il Prix Sana 2016 viene assegnato a Heidi Reber di Rohrbach e a Heidi Zihlmann di Schwarzenberg</h2>
<p><strong>Si aggiudicano il Prix Sana 2016 due donne: Heidi Reber di Rohrbach BE e Heidi Zihlmann di Schwarzenberg LU ricevono ciascuna 15&#8217;000 franchi per l&#8217;impegno altruistico e pluriennale profuso per il bene delle persone bisognose di cure e di assistenza nell&#8217;ambito della loro comunità. Il Prix Sana viene assegnato da sei anni dalla Fondation Sana. La cerimonia di premiazione si è svolta presso il Centro svizzero per paraplegici di Nottwil ed è stata condotta da Nik Hartmann, in veste di moderatore.</strong></p>
<p>Con un montepremi di 30&#8217;000 franchi il Prix Sana è il premio per la salute più ingente in Svizzera, che viene conferito alle persone che si impegnano a tale proposito. «Molte persone si adoperano ogni giorno, spesso per anni, con altruismo, per sostenere la salute di persone malate, in cerca di aiuto o emarginate all&#8217;interno della loro comunità», dichiara il Presidente della giuria, il Prof. Dr. med. Martin Meuli, primario della clinica chirurgica al Kinderspital di Zurigo. Le storie di entrambe le vincitrici lo dimostrano in maniera esemplare. «Con il Prix Sana desideriamo rendere onore a questi silenziosi benefattori.»</p>
<p><strong>Heidi Reber (70) di Rohrbach BE</strong> si è presa praticamente cura di altre persone per una vita intera. «Se esistesse qualcosa di simile a un premio Nobel in favore dell&#8217;impegno sociale, Heidi Reber dovrebbe sicuramente vincerlo», ha dichiarato la sua amica di vecchia data che ha proposto la candidatura di Heidi Reber al Prix Sana. Adesso Heidi Reber vuole scrivere un libro su tutte le persone che ha incontrato e assistito in momenti difficili della loro vita.</p>
<p><iframe title="PrixSana2016 Reber UT" width="800" height="450" src="https://www.youtube.com/embed/WCnjz_0uhTc?feature=oembed" frameborder="0" allow="accelerometer; autoplay; clipboard-write; encrypted-media; gyroscope; picture-in-picture" allowfullscreen></iframe></p>
<p><strong>Heidi Zihlmann di Schwarzenberg LU</strong>, la seconda vincitrice, ha 52 anni e non è mai andata in vacanza. Non ha semplicemente mai avuto tempo per questo, afferma la figlia. Per anni ha curato a casa sua, nella fattoria, i parenti gravemente malati, in parte fino alla morte. Adesso la figlia di Heidi Zihlmann desidera che la madre possa finalmente realizzare la vacanza che sogna segretamente da sempre.</p>
<p><iframe title="PrixSana2016 Zihlmann UT" width="800" height="450" src="https://www.youtube.com/embed/ouUKep1M76w?feature=oembed" frameborder="0" allow="accelerometer; autoplay; clipboard-write; encrypted-media; gyroscope; picture-in-picture" allowfullscreen></iframe></p>
<p><strong>Entrambe le donne sono state premiate ciascuna con un premio in denaro del valore di 15&#8217;000 franchi e con la scultura del Prix Sana di Gottfried Honegger.</strong></p>
<p>[/two_third]</p>
<p>[one_third_last valign=&#8221;top&#8221; animation=&#8221;none&#8221;]</p>
<p>[box style=&#8221;simple&#8221;]</p>
<p>MEDIA</p>
<p><a href="http://www.fondation-sana.ch/wp-content/uploads/2016/11/images_prix_sana_2016.zip">Immagini 2016 (ZIP)</a></p>
<p>[/box]</p>
<div id='gallery-1' class='gallery galleryid-2354 gallery-columns-2 gallery-size-thumbnail'><figure class='gallery-item'>
			<div class='gallery-icon landscape'>
				<a href='https://www.fondation-sana.ch/wp-content/uploads/2016/11/004_PrixSana_mak.jpg'><img decoding="async" width="150" height="150" src="https://www.fondation-sana.ch/wp-content/uploads/2016/11/004_PrixSana_mak-150x150.jpg" class="attachment-thumbnail size-thumbnail" alt="" srcset="https://www.fondation-sana.ch/wp-content/uploads/2016/11/004_PrixSana_mak-150x150.jpg 150w, https://www.fondation-sana.ch/wp-content/uploads/2016/11/004_PrixSana_mak-55x55.jpg 55w" sizes="(max-width: 150px) 100vw, 150px" /></a>
			</div></figure><figure class='gallery-item'>
			<div class='gallery-icon landscape'>
				<a href='https://www.fondation-sana.ch/wp-content/uploads/2016/11/005_PrixSana_mak.jpg'><img decoding="async" width="150" height="150" src="https://www.fondation-sana.ch/wp-content/uploads/2016/11/005_PrixSana_mak-150x150.jpg" class="attachment-thumbnail size-thumbnail" alt="" srcset="https://www.fondation-sana.ch/wp-content/uploads/2016/11/005_PrixSana_mak-150x150.jpg 150w, https://www.fondation-sana.ch/wp-content/uploads/2016/11/005_PrixSana_mak-55x55.jpg 55w" sizes="(max-width: 150px) 100vw, 150px" /></a>
			</div></figure><figure class='gallery-item'>
			<div class='gallery-icon landscape'>
				<a href='https://www.fondation-sana.ch/wp-content/uploads/2016/11/009_PrixSana_mak.jpg'><img decoding="async" width="150" height="150" src="https://www.fondation-sana.ch/wp-content/uploads/2016/11/009_PrixSana_mak-150x150.jpg" class="attachment-thumbnail size-thumbnail" alt="" srcset="https://www.fondation-sana.ch/wp-content/uploads/2016/11/009_PrixSana_mak-150x150.jpg 150w, https://www.fondation-sana.ch/wp-content/uploads/2016/11/009_PrixSana_mak-55x55.jpg 55w" sizes="(max-width: 150px) 100vw, 150px" /></a>
			</div></figure><figure class='gallery-item'>
			<div class='gallery-icon landscape'>
				<a href='https://www.fondation-sana.ch/wp-content/uploads/2016/11/003_PrixSana_mak.jpg'><img loading="lazy" decoding="async" width="150" height="150" src="https://www.fondation-sana.ch/wp-content/uploads/2016/11/003_PrixSana_mak-150x150.jpg" class="attachment-thumbnail size-thumbnail" alt="" srcset="https://www.fondation-sana.ch/wp-content/uploads/2016/11/003_PrixSana_mak-150x150.jpg 150w, https://www.fondation-sana.ch/wp-content/uploads/2016/11/003_PrixSana_mak-55x55.jpg 55w" sizes="(max-width: 150px) 100vw, 150px" /></a>
			</div></figure><figure class='gallery-item'>
			<div class='gallery-icon landscape'>
				<a href='https://www.fondation-sana.ch/wp-content/uploads/2016/11/006_PrixSana_mak.jpg'><img loading="lazy" decoding="async" width="150" height="150" src="https://www.fondation-sana.ch/wp-content/uploads/2016/11/006_PrixSana_mak-150x150.jpg" class="attachment-thumbnail size-thumbnail" alt="" srcset="https://www.fondation-sana.ch/wp-content/uploads/2016/11/006_PrixSana_mak-150x150.jpg 150w, https://www.fondation-sana.ch/wp-content/uploads/2016/11/006_PrixSana_mak-55x55.jpg 55w" sizes="(max-width: 150px) 100vw, 150px" /></a>
			</div></figure><figure class='gallery-item'>
			<div class='gallery-icon landscape'>
				<a href='https://www.fondation-sana.ch/wp-content/uploads/2016/11/001_PrixSana_mak.jpg'><img loading="lazy" decoding="async" width="150" height="150" src="https://www.fondation-sana.ch/wp-content/uploads/2016/11/001_PrixSana_mak-150x150.jpg" class="attachment-thumbnail size-thumbnail" alt="" srcset="https://www.fondation-sana.ch/wp-content/uploads/2016/11/001_PrixSana_mak-150x150.jpg 150w, https://www.fondation-sana.ch/wp-content/uploads/2016/11/001_PrixSana_mak-55x55.jpg 55w" sizes="(max-width: 150px) 100vw, 150px" /></a>
			</div></figure><figure class='gallery-item'>
			<div class='gallery-icon landscape'>
				<a href='https://www.fondation-sana.ch/wp-content/uploads/2016/11/002_PrixSana_mak.jpg'><img loading="lazy" decoding="async" width="150" height="150" src="https://www.fondation-sana.ch/wp-content/uploads/2016/11/002_PrixSana_mak-150x150.jpg" class="attachment-thumbnail size-thumbnail" alt="" srcset="https://www.fondation-sana.ch/wp-content/uploads/2016/11/002_PrixSana_mak-150x150.jpg 150w, https://www.fondation-sana.ch/wp-content/uploads/2016/11/002_PrixSana_mak-55x55.jpg 55w" sizes="(max-width: 150px) 100vw, 150px" /></a>
			</div></figure><figure class='gallery-item'>
			<div class='gallery-icon landscape'>
				<a href='https://www.fondation-sana.ch/wp-content/uploads/2016/11/010_PrixSana_mak.jpg'><img loading="lazy" decoding="async" width="150" height="150" src="https://www.fondation-sana.ch/wp-content/uploads/2016/11/010_PrixSana_mak-150x150.jpg" class="attachment-thumbnail size-thumbnail" alt="" srcset="https://www.fondation-sana.ch/wp-content/uploads/2016/11/010_PrixSana_mak-150x150.jpg 150w, https://www.fondation-sana.ch/wp-content/uploads/2016/11/010_PrixSana_mak-55x55.jpg 55w" sizes="(max-width: 150px) 100vw, 150px" /></a>
			</div></figure><figure class='gallery-item'>
			<div class='gallery-icon landscape'>
				<a href='https://www.fondation-sana.ch/wp-content/uploads/2016/11/007_PrixSana_mak.jpg'><img loading="lazy" decoding="async" width="150" height="150" src="https://www.fondation-sana.ch/wp-content/uploads/2016/11/007_PrixSana_mak-150x150.jpg" class="attachment-thumbnail size-thumbnail" alt="" srcset="https://www.fondation-sana.ch/wp-content/uploads/2016/11/007_PrixSana_mak-150x150.jpg 150w, https://www.fondation-sana.ch/wp-content/uploads/2016/11/007_PrixSana_mak-55x55.jpg 55w" sizes="(max-width: 150px) 100vw, 150px" /></a>
			</div></figure><figure class='gallery-item'>
			<div class='gallery-icon landscape'>
				<a href='https://www.fondation-sana.ch/wp-content/uploads/2016/11/008_PrixSana_mak.jpg'><img loading="lazy" decoding="async" width="150" height="150" src="https://www.fondation-sana.ch/wp-content/uploads/2016/11/008_PrixSana_mak-150x150.jpg" class="attachment-thumbnail size-thumbnail" alt="" srcset="https://www.fondation-sana.ch/wp-content/uploads/2016/11/008_PrixSana_mak-150x150.jpg 150w, https://www.fondation-sana.ch/wp-content/uploads/2016/11/008_PrixSana_mak-55x55.jpg 55w" sizes="(max-width: 150px) 100vw, 150px" /></a>
			</div></figure>
		</div>

<p>[/one_third_last]</p>
