{"id":828,"date":"2014-10-24T12:45:28","date_gmt":"2014-10-24T10:45:28","guid":{"rendered":"http:\/\/194.126.200.58\/~fondati1\/?page_id=828"},"modified":"2020-10-05T17:08:00","modified_gmt":"2020-10-05T15:08:00","slug":"storia","status":"publish","type":"page","link":"https:\/\/www.fondation-sana.ch\/it\/fondazione\/storia\/","title":{"rendered":"Storia"},"content":{"rendered":"<p>La Cassa malattia svizzera Helvetia venne costituita il 10 dicembre 1899. Dopo quasi cento anni, il 1\u00b0 gennaio 1997 fu unita alla Cassa malattia Artisana per dare vita a Helsana. L&#8217;allora Associazione Helvetia rilev\u00f2 il 79% del capitale azionario, cedendo le funzioni operative della cassa malattia. Di conseguenza, le pesanti strutture dell&#8217;Associazione si dimostrarono inadeguate e superate.<\/p>\n<p>Il 26 novembre 2004 venne perci\u00f2 costituita la Fondazione Helvetia Sana, che riprese le attivit\u00e0 dell&#8217;Associazione Helvetia, snell\u00ec le strutture e assicur\u00f2 la continuit\u00e0 dello scopo della Fondazione.<\/p>\n<p>Il 1\u00b0 gennaio 2010, la Fondazione Helvetia Sana \u00e8 stata rinominata Fondation Sana.<\/p>\n","protected":false},"excerpt":{"rendered":"<p>La Cassa malattia svizzera Helvetia venne costituita il 10 dicembre 1899. Dopo quasi cento anni, il 1\u00b0 gennaio 1997 fu unita alla Cassa malattia Artisana per dare vita a Helsana. L&#8217;allora Associazione Helvetia rilev\u00f2 il 79% del capitale azionario, cedendo le funzioni operative della cassa malattia. Di conseguenza, le pesanti strutture dell&#8217;Associazione si dimostrarono inadeguate [&hellip;]<\/p>\n","protected":false},"author":2,"featured_media":0,"parent":911,"menu_order":0,"comment_status":"closed","ping_status":"closed","template":"","meta":{"_acf_changed":false,"_monsterinsights_skip_tracking":false,"_monsterinsights_sitenote_active":false,"_monsterinsights_sitenote_note":"","_monsterinsights_sitenote_category":0,"footnotes":""},"class_list":["post-828","page","type-page","status-publish","hentry"],"acf":[],"_links":{"self":[{"href":"https:\/\/www.fondation-sana.ch\/it\/wp-json\/wp\/v2\/pages\/828","targetHints":{"allow":["GET"]}}],"collection":[{"href":"https:\/\/www.fondation-sana.ch\/it\/wp-json\/wp\/v2\/pages"}],"about":[{"href":"https:\/\/www.fondation-sana.ch\/it\/wp-json\/wp\/v2\/types\/page"}],"author":[{"embeddable":true,"href":"https:\/\/www.fondation-sana.ch\/it\/wp-json\/wp\/v2\/users\/2"}],"replies":[{"embeddable":true,"href":"https:\/\/www.fondation-sana.ch\/it\/wp-json\/wp\/v2\/comments?post=828"}],"version-history":[{"count":7,"href":"https:\/\/www.fondation-sana.ch\/it\/wp-json\/wp\/v2\/pages\/828\/revisions"}],"predecessor-version":[{"id":5236,"href":"https:\/\/www.fondation-sana.ch\/it\/wp-json\/wp\/v2\/pages\/828\/revisions\/5236"}],"up":[{"embeddable":true,"href":"https:\/\/www.fondation-sana.ch\/it\/wp-json\/wp\/v2\/pages\/911"}],"wp:attachment":[{"href":"https:\/\/www.fondation-sana.ch\/it\/wp-json\/wp\/v2\/media?parent=828"}],"curies":[{"name":"wp","href":"https:\/\/api.w.org\/{rel}","templated":true}]}}

<p>La Cassa malattia svizzera Helvetia venne costituita il 10 dicembre 1899. Dopo quasi cento anni, il 1° gennaio 1997 fu unita alla Cassa malattia Artisana per dare vita a Helsana. L&#8217;allora Associazione Helvetia rilevò il 79% del capitale azionario, cedendo le funzioni operative della cassa malattia. Di conseguenza, le pesanti strutture dell&#8217;Associazione si dimostrarono inadeguate e superate.</p>
<p>Il 26 novembre 2004 venne perciò costituita la Fondazione Helvetia Sana, che riprese le attività dell&#8217;Associazione Helvetia, snellì le strutture e assicurò la continuità dello scopo della Fondazione.</p>
<p>Il 1° gennaio 2010, la Fondazione Helvetia Sana è stata rinominata Fondation Sana.</p>

<p>La Cassa malattia svizzera Helvetia venne costituita il 10 dicembre 1899. Dopo quasi cento anni, il 1° gennaio 1997 fu unita alla Cassa malattia Artisana per dare vita a Helsana. L&#8217;allora Associazione Helvetia rilevò il 79% del capitale azionario, cedendo le funzioni operative della cassa malattia. Di conseguenza, le pesanti strutture dell&#8217;Associazione si dimostrarono inadeguate [&hellip;]</p>
