{"id":869,"date":"2014-10-24T13:11:08","date_gmt":"2014-10-24T11:11:08","guid":{"rendered":"http:\/\/194.126.200.58\/~fondati1\/?page_id=869"},"modified":"2025-01-14T10:10:48","modified_gmt":"2025-01-14T09:10:48","slug":"fondo-assistenza-demergenza-per-gli-assicurati","status":"publish","type":"page","link":"https:\/\/www.fondation-sana.ch\/it\/fondo\/fondo-assistenza-demergenza-per-gli-assicurati\/","title":{"rendered":"Fondo d&#8217;assistenza per assicurati bisognosi"},"content":{"rendered":"\t\t<div data-elementor-type=\"wp-page\" data-elementor-id=\"869\" class=\"elementor elementor-869 elementor-105\" data-elementor-post-type=\"page\">\n\t\t\t\t\t\t<section class=\"elementor-section elementor-top-section elementor-element elementor-element-54ebda63 elementor-section-boxed elementor-section-height-default elementor-section-height-default\" data-id=\"54ebda63\" data-element_type=\"section\" data-e-type=\"section\">\n\t\t\t\t\t\t<div class=\"elementor-container elementor-column-gap-default\">\n\t\t\t\t\t<div class=\"elementor-column elementor-col-100 elementor-top-column elementor-element elementor-element-5df1dd7d\" data-id=\"5df1dd7d\" data-element_type=\"column\" data-e-type=\"column\">\n\t\t\t<div class=\"elementor-widget-wrap elementor-element-populated\">\n\t\t\t\t\t\t<div class=\"elementor-element elementor-element-35ed6225 elementor-widget elementor-widget-text-editor\" data-id=\"35ed6225\" data-element_type=\"widget\" data-e-type=\"widget\" data-widget_type=\"text-editor.default\">\n\t\t\t\t<div class=\"elementor-widget-container\">\n\t\t\t\t\t\t\t\t\t<p>Il Fondo d&#8217;assistenza per assicurati bisognosi \u00e8 stato costituito per gli assicurati del gruppo Helsana che necessitano urgentemente di una prestazione medica, per la quale per\u00f2 non sono in grado di sostenere le spese conseguenti o potrebbero farlo solo con enormi sacrifici. Il fondo d&#8217;assistenza si assume concretamente le spese di prestazioni mediche di diverso tipo, ad esempio prestazione odontoiatrica, soggiorno terapeutico, ausili per disabili o assistenza da parte di personale professionale e specializzato. Sono esclusi i contributi ai premi della cassa malati o i pagamenti per prestazioni ricorrenti. In questi casi \u00e8 possibile usufruire di contributi statali (es. riduzione sui premi).<\/p><p>Solitamente il Fondo d&#8217;assistenza per gli assicurati bisognosi presta il suo aiuto rapidamente e senza burocrazia. Per l&#8217;approvazione di una richiesta di contributo occorre disporre dei seguenti requisiti:<\/p><ul><li>Avete stipulato un\u2019assicurazione di base con Helsana.<\/li><li>L&#8217;attuale copertura assicurativa non \u00e8 idonea o non \u00e8 sufficiente a compensare la prestazione medica necessaria.<\/li><li>La copertura assicurativa mancante non \u00e8 imputabile all&#8217;assicurato.<\/li><li>A causa della copertura assicurativa mancante, si viene a creare una situazione insostenibile.<\/li><li>A causa della propria condizione economica, non \u00e8 possibile far fronte alle spese scoperte o \u00e8 possibile soltanto con enormi difficolt\u00e0.<\/li><li>Sono gi\u00e0 state prese in considerazione eventuali altre possibilit\u00e0 per la copertura dei costi (es. diritto a prestazioni i sensi di AI e AVS oppure assicurazioni private).<\/li><\/ul>\t\t\t\t\t\t\t\t<\/div>\n\t\t\t\t<\/div>\n\t\t\t\t\t<\/div>\n\t\t<\/div>\n\t\t\t\t\t<\/div>\n\t\t<\/section>\n\t\t\t\t<section class=\"elementor-section elementor-top-section elementor-element elementor-element-5dae855 elementor-section-boxed elementor-section-height-default elementor-section-height-default\" data-id=\"5dae855\" data-element_type=\"section\" data-e-type=\"section\">\n\t\t\t\t\t\t<div class=\"elementor-container elementor-column-gap-default\">\n\t\t\t\t\t<div class=\"elementor-column elementor-col-100 elementor-top-column elementor-element elementor-element-361bb51\" data-id=\"361bb51\" data-element_type=\"column\" data-e-type=\"column\">\n\t\t\t<div class=\"elementor-widget-wrap elementor-element-populated\">\n\t\t\t\t\t\t<div class=\"elementor-element elementor-element-5121e91 elementor-widget elementor-widget-heading\" data-id=\"5121e91\" data-element_type=\"widget\" data-e-type=\"widget\" data-widget_type=\"heading.default\">\n\t\t\t\t<div class=\"elementor-widget-container\">\n\t\t\t\t\t<h2 class=\"elementor-heading-title elementor-size-default\"><h1 style=\"font-family: Roboto, sans-serif;font-weight: var( --e-global-typography-primary-font-weight )\">Presentazione delle domande<span style=\"color: var( --e-global-color-primary );font-family: var( --e-global-typography-primary-font-family ), Sans-serif;font-size: 2rem;font-weight: var( --e-global-typography-primary-font-weight )\"><\/span><\/h1><\/h2>\t\t\t\t<\/div>\n\t\t\t\t<\/div>\n\t\t\t\t\t<\/div>\n\t\t<\/div>\n\t\t\t\t\t<\/div>\n\t\t<\/section>\n\t\t\t\t<section class=\"elementor-section elementor-top-section elementor-element elementor-element-5b4885c elementor-section-boxed elementor-section-height-default elementor-section-height-default\" data-id=\"5b4885c\" data-element_type=\"section\" data-e-type=\"section\">\n\t\t\t\t\t\t<div class=\"elementor-container elementor-column-gap-default\">\n\t\t\t\t\t<div class=\"elementor-column elementor-col-100 elementor-top-column elementor-element elementor-element-07a9441\" data-id=\"07a9441\" data-element_type=\"column\" data-e-type=\"column\">\n\t\t\t<div class=\"elementor-widget-wrap elementor-element-populated\">\n\t\t\t\t\t\t<div class=\"elementor-element elementor-element-d909410 elementor-widget elementor-widget-text-editor\" data-id=\"d909410\" data-element_type=\"widget\" data-e-type=\"widget\" data-widget_type=\"text-editor.default\">\n\t\t\t\t<div class=\"elementor-widget-container\">\n\t\t\t\t\t\t\t\t\t<p>Le domande al Fondo d\u2019assistenza per assicurati bisognosi devono soddisfare i requisiti definiti nel Regolamento del fondo e devono essere motivate per iscritto. Il Regolamento del Fondo e gli ulteriori documenti per l\u2019inoltro della domanda sono disponibili alla rubrica \u00abDownload &amp; Documenti\u00bb. Potete inviarci la domanda per posta, per e-mail o tramite il modulo online. I documenti seguenti devono essere allegati alla domanda:<\/p><ul style=\"font-size: 16px; background-color: rgb(255, 255, 255);\"><li style=\"font-size: 16px;\">Motivazione scritta<\/li><li style=\"font-size: 16px;\">Copie dell\u2019attuale polizza dell\u2019assicurazione obbligatoria delle cure medico-sanitarie (Helsana)<\/li><li style=\"font-size: 16px;\">Copia dell\u2019ultima tassazione definitiva (non della dichiarazione d\u2019imposta) o di un altro documento ufficiale attestante la situazione finanziaria<\/li><li style=\"font-size: 16px;\">Procura firmata della Fondation Sana \/ Svincolo dal segreto medico<\/li><li style=\"font-size: 16px;\">Una conferma del suo medico\/medico dentista che l\u2019intervento eseguito era medical-mente necessario<\/li><li style=\"font-size: 16px;\">Distinta \/ indicazione delle spese concrete, ad es. offerta, preventivo, ecc.<\/li><li style=\"font-size: 16px;\">per le richieste vertenti su trattamenti dentali: stato dentale (cfr. rubrica \u00abDownload &amp; Documenti\u00bb: da compilare dal vostro medico dentista) e radiografie elettroniche (da trasmettere su supporto dati o per e-mail, all\u2019indirizzo&nbsp;<a href=\"mailto:in**@************na.ch\" data-original-string=\"Op\/ilZmDtp5oy1OJLnB51w==928mjB63Wgl1xbNQZZV\/3DL2uUssTCuM5ldZ2XbfBoMU1Y=\" title=\"This contact has been encoded by Anti-Spam by CleanTalk. Click to decode. To finish the decoding make sure that JavaScript is enabled in your browser.\"><span \n                data-original-string='MKJdHGVMPb42KaEeQxkarA==928D+zgqAEcUtmChE3ck91sE6CUiCNa+9c3ukBym\/q8qGg='\n                class='apbct-email-encoder'\n                title='This contact has been encoded by Anti-Spam by CleanTalk. Click to decode. To finish the decoding make sure that JavaScript is enabled in your browser.'>in<span class=\"apbct-blur\">**<\/span>@<span class=\"apbct-blur\">************<\/span>na.ch<\/span><\/a>)<\/li><\/ul><p>nonch\u00e9 ulteriori documenti attestanti l\u2019adempimento dei requisiti posti alla corresponsione delle prestazioni di sostegno.<\/p><p>Avete domande concernenti l\u2019inoltro della domanda di contributo? La segreteria di Fondation Sana \u00e8 volentieri a vostra disposizione al numero telefonico 031 368 15 83.<\/p>\t\t\t\t\t\t\t\t<\/div>\n\t\t\t\t<\/div>\n\t\t\t\t\t<\/div>\n\t\t<\/div>\n\t\t\t\t\t<\/div>\n\t\t<\/section>\n\t\t\t\t<\/div>\n\t\t","protected":false},"excerpt":{"rendered":"<p>Il Fondo d&#8217;assistenza per gli assicurati bisognosi \u00e8 stato costituito per gli assicurati del gruppo Helsana che necessitano urgentemente di una prestazione medica, per la quale per\u00f2 non sono in grado di sostenere le spese conseguenti o potrebbero farlo solo con enormi sacrifici.<\/p>\n","protected":false},"author":2,"featured_media":4591,"parent":835,"menu_order":0,"comment_status":"closed","ping_status":"closed","template":"","meta":{"_acf_changed":false,"_monsterinsights_skip_tracking":false,"_monsterinsights_sitenote_active":false,"_monsterinsights_sitenote_note":"","_monsterinsights_sitenote_category":0,"footnotes":""},"class_list":["post-869","page","type-page","status-publish","has-post-thumbnail","hentry"],"acf":[],"_links":{"self":[{"href":"https:\/\/www.fondation-sana.ch\/it\/wp-json\/wp\/v2\/pages\/869","targetHints":{"allow":["GET"]}}],"collection":[{"href":"https:\/\/www.fondation-sana.ch\/it\/wp-json\/wp\/v2\/pages"}],"about":[{"href":"https:\/\/www.fondation-sana.ch\/it\/wp-json\/wp\/v2\/types\/page"}],"author":[{"embeddable":true,"href":"https:\/\/www.fondation-sana.ch\/it\/wp-json\/wp\/v2\/users\/2"}],"replies":[{"embeddable":true,"href":"https:\/\/www.fondation-sana.ch\/it\/wp-json\/wp\/v2\/comments?post=869"}],"version-history":[{"count":34,"href":"https:\/\/www.fondation-sana.ch\/it\/wp-json\/wp\/v2\/pages\/869\/revisions"}],"predecessor-version":[{"id":7497,"href":"https:\/\/www.fondation-sana.ch\/it\/wp-json\/wp\/v2\/pages\/869\/revisions\/7497"}],"up":[{"embeddable":true,"href":"https:\/\/www.fondation-sana.ch\/it\/wp-json\/wp\/v2\/pages\/835"}],"wp:featuredmedia":[{"embeddable":true,"href":"https:\/\/www.fondation-sana.ch\/it\/wp-json\/wp\/v2\/media\/4591"}],"wp:attachment":[{"href":"https:\/\/www.fondation-sana.ch\/it\/wp-json\/wp\/v2\/media?parent=869"}],"curies":[{"name":"wp","href":"https:\/\/api.w.org\/{rel}","templated":true}]}}

<div data-elementor-type="wp-page" data-elementor-id="869" class="elementor elementor-869 elementor-105" data-elementor-post-type="page">
						<section class="elementor-section elementor-top-section elementor-element elementor-element-54ebda63 elementor-section-boxed elementor-section-height-default elementor-section-height-default" data-id="54ebda63" data-element_type="section" data-e-type="section">
						<div class="elementor-container elementor-column-gap-default">
					<div class="elementor-column elementor-col-100 elementor-top-column elementor-element elementor-element-5df1dd7d" data-id="5df1dd7d" data-element_type="column" data-e-type="column">
			<div class="elementor-widget-wrap elementor-element-populated">
						<div class="elementor-element elementor-element-35ed6225 elementor-widget elementor-widget-text-editor" data-id="35ed6225" data-element_type="widget" data-e-type="widget" data-widget_type="text-editor.default">
				<div class="elementor-widget-container">
									<p>Il Fondo d&#8217;assistenza per assicurati bisognosi è stato costituito per gli assicurati del gruppo Helsana che necessitano urgentemente di una prestazione medica, per la quale però non sono in grado di sostenere le spese conseguenti o potrebbero farlo solo con enormi sacrifici. Il fondo d&#8217;assistenza si assume concretamente le spese di prestazioni mediche di diverso tipo, ad esempio prestazione odontoiatrica, soggiorno terapeutico, ausili per disabili o assistenza da parte di personale professionale e specializzato. Sono esclusi i contributi ai premi della cassa malati o i pagamenti per prestazioni ricorrenti. In questi casi è possibile usufruire di contributi statali (es. riduzione sui premi).</p><p>Solitamente il Fondo d&#8217;assistenza per gli assicurati bisognosi presta il suo aiuto rapidamente e senza burocrazia. Per l&#8217;approvazione di una richiesta di contributo occorre disporre dei seguenti requisiti:</p><ul><li>Avete stipulato un’assicurazione di base con Helsana.</li><li>L&#8217;attuale copertura assicurativa non è idonea o non è sufficiente a compensare la prestazione medica necessaria.</li><li>La copertura assicurativa mancante non è imputabile all&#8217;assicurato.</li><li>A causa della copertura assicurativa mancante, si viene a creare una situazione insostenibile.</li><li>A causa della propria condizione economica, non è possibile far fronte alle spese scoperte o è possibile soltanto con enormi difficoltà.</li><li>Sono già state prese in considerazione eventuali altre possibilità per la copertura dei costi (es. diritto a prestazioni i sensi di AI e AVS oppure assicurazioni private).</li></ul>								</div>
				</div>
					</div>
		</div>
					</div>
		</section>
				<section class="elementor-section elementor-top-section elementor-element elementor-element-5dae855 elementor-section-boxed elementor-section-height-default elementor-section-height-default" data-id="5dae855" data-element_type="section" data-e-type="section">
						<div class="elementor-container elementor-column-gap-default">
					<div class="elementor-column elementor-col-100 elementor-top-column elementor-element elementor-element-361bb51" data-id="361bb51" data-element_type="column" data-e-type="column">
			<div class="elementor-widget-wrap elementor-element-populated">
						<div class="elementor-element elementor-element-5121e91 elementor-widget elementor-widget-heading" data-id="5121e91" data-element_type="widget" data-e-type="widget" data-widget_type="heading.default">
				<div class="elementor-widget-container">
					<h2 class="elementor-heading-title elementor-size-default"><h1 style="font-family: Roboto, sans-serif;font-weight: var( --e-global-typography-primary-font-weight )">Presentazione delle domande<span style="color: var( --e-global-color-primary );font-family: var( --e-global-typography-primary-font-family ), Sans-serif;font-size: 2rem;font-weight: var( --e-global-typography-primary-font-weight )"></span></h1></h2>				</div>
				</div>
					</div>
		</div>
					</div>
		</section>
				<section class="elementor-section elementor-top-section elementor-element elementor-element-5b4885c elementor-section-boxed elementor-section-height-default elementor-section-height-default" data-id="5b4885c" data-element_type="section" data-e-type="section">
						<div class="elementor-container elementor-column-gap-default">
					<div class="elementor-column elementor-col-100 elementor-top-column elementor-element elementor-element-07a9441" data-id="07a9441" data-element_type="column" data-e-type="column">
			<div class="elementor-widget-wrap elementor-element-populated">
						<div class="elementor-element elementor-element-d909410 elementor-widget elementor-widget-text-editor" data-id="d909410" data-element_type="widget" data-e-type="widget" data-widget_type="text-editor.default">
				<div class="elementor-widget-container">
									<p>Le domande al Fondo d’assistenza per assicurati bisognosi devono soddisfare i requisiti definiti nel Regolamento del fondo e devono essere motivate per iscritto. Il Regolamento del Fondo e gli ulteriori documenti per l’inoltro della domanda sono disponibili alla rubrica «Download &amp; Documenti». Potete inviarci la domanda per posta, per e-mail o tramite il modulo online. I documenti seguenti devono essere allegati alla domanda:</p><ul style="font-size: 16px; background-color: rgb(255, 255, 255);"><li style="font-size: 16px;">Motivazione scritta</li><li style="font-size: 16px;">Copie dell’attuale polizza dell’assicurazione obbligatoria delle cure medico-sanitarie (Helsana)</li><li style="font-size: 16px;">Copia dell’ultima tassazione definitiva (non della dichiarazione d’imposta) o di un altro documento ufficiale attestante la situazione finanziaria</li><li style="font-size: 16px;">Procura firmata della Fondation Sana / Svincolo dal segreto medico</li><li style="font-size: 16px;">Una conferma del suo medico/medico dentista che l’intervento eseguito era medical-mente necessario</li><li style="font-size: 16px;">Distinta / indicazione delle spese concrete, ad es. offerta, preventivo, ecc.</li><li style="font-size: 16px;">per le richieste vertenti su trattamenti dentali: stato dentale (cfr. rubrica «Download &amp; Documenti»: da compilare dal vostro medico dentista) e radiografie elettroniche (da trasmettere su supporto dati o per e-mail, all’indirizzo&nbsp;<a href="mailto:in**@************na.ch" data-original-string="Op/ilZmDtp5oy1OJLnB51w==928mjB63Wgl1xbNQZZV/3DL2uUssTCuM5ldZ2XbfBoMU1Y=" title="This contact has been encoded by Anti-Spam by CleanTalk. Click to decode. To finish the decoding make sure that JavaScript is enabled in your browser."><span 
                data-original-string='MKJdHGVMPb42KaEeQxkarA==928D+zgqAEcUtmChE3ck91sE6CUiCNa+9c3ukBym/q8qGg='
                class='apbct-email-encoder'
                title='This contact has been encoded by Anti-Spam by CleanTalk. Click to decode. To finish the decoding make sure that JavaScript is enabled in your browser.'>in<span class="apbct-blur">**</span>@<span class="apbct-blur">************</span>na.ch</span></a>)</li></ul><p>nonché ulteriori documenti attestanti l’adempimento dei requisiti posti alla corresponsione delle prestazioni di sostegno.</p><p>Avete domande concernenti l’inoltro della domanda di contributo? La segreteria di Fondation Sana è volentieri a vostra disposizione al numero telefonico 031 368 15 83.</p>								</div>
				</div>
					</div>
		</div>
					</div>
		</section>
				</div>

<p>Il Fondo d&#8217;assistenza per gli assicurati bisognosi è stato costituito per gli assicurati del gruppo Helsana che necessitano urgentemente di una prestazione medica, per la quale però non sono in grado di sostenere le spese conseguenti o potrebbero farlo solo con enormi sacrifici.</p>
