{"id":967,"date":"2014-11-07T10:46:35","date_gmt":"2014-11-07T10:46:35","guid":{"rendered":"http:\/\/194.126.200.58\/~fondati1\/?page_id=967"},"modified":"2020-09-19T05:12:28","modified_gmt":"2020-09-19T03:12:28","slug":"prix-sana-2012-old-page","status":"publish","type":"page","link":"https:\/\/www.fondation-sana.ch\/it\/prix-sana\/prix-sana-2012-old-page\/","title":{"rendered":"Prix Sana 2012"},"content":{"rendered":"<p>[two_third valign=&#8221;top&#8221; animation=&#8221;none&#8221;]<\/p>\n<h3>Il 20 settembre 2012 Fondation Sana ha conferito a Berna il secondo Prix Sana. Sono state premiate quattro persone, che da anni s&#8217;impegnano in modo ammirevole per la salute e la qualit\u00e0 della vita di malati o disabili.<\/h3>\n<p>La giuria del Prix Sana, presieduta dal Prof. Dr. Ren\u00e9 Pr\u00eatre (pediatra e Svizzero dall&#8217;anno 2009), ha riconosciuto l&#8217;impegno straordinario dei tre vincitori del Prix Sana, selezionati tra circa 100 candidati. Il premio ammonta complessivamente a 30&#8217;000 franchi. Ieri si \u00e8 tenuta la cerimonia di premiazione condotta da Nik Harman, durante la quale sono stati resi noti i vincitori e consegnati i premi.<\/p>\n<h3>Primo premio conferito ad una coppia di genitori adottivi<\/h3>\n<p>Il primo posto del Prix Sana 2012 \u00e8 stato riconosciuto a Jean-Paul e Nicole Wettstein. La coppia di Le Locle ha adottato cinque bambini indiani disabili. Con tanto amore, tempo, energia e impegno finanziario, la coppia si \u00e8 presa cura dei bambini e delle loro sofferenze fisiche e psichiche. Grazie al sostegno di Jean-Paul e Nicole Wettstein, tre di questi ragazzi hanno portato a termine un percorso di formazione. Ad oggi la coppia si occupa con grande spirito di sacrificio del figlio autistico. Nicole Wettstein \u00e8 gravemente malata da sei anni e si \u00e8 gi\u00e0 sottoposta a 28 interventi chirurgici.<\/p>\n<p><iframe title=\"Prix Sana 2012 - Wettstein mit Untertitel\" width=\"800\" height=\"450\" src=\"https:\/\/www.youtube.com\/embed\/WI48zJoHx3k?feature=oembed\" frameborder=\"0\" allow=\"accelerometer; autoplay; clipboard-write; encrypted-media; gyroscope; picture-in-picture\" allowfullscreen><\/iframe><\/p>\n<h3>Riconoscimento per benefattori straordinari<\/h3>\n<p>Oltre ai coniugi Wettstein, il Prix Sana ha premiato anche con il 2\u00b0 e 3\u00b0 posto Roger Gautschi di Konolfingen e Alexander Raouzeos di M\u00fcnchenstein per il loro straordinario impegno. Fino ad oggi Roger Gautschi ha donato oltre 130 litri di sangue, pi\u00f9 di chiunque altro nel cantone di Berna, e probabilmente anche in tutta la Svizzera. Continua ad effettuare donazioni regolari due volte al mese con una speciale procedura. Ci\u00f2 ha aiutato molte persone a guarire o addirittura ha consentito loro di sopravvivere. Per Roger Gautschi la donazione anonima del sangue offre la possibilit\u00e0 di far del bene, senza che nessuno debba sentirsi obbligato a ringraziare. Alexander Raouzeos, il terzo vincitore, sostiene da anni gli orfani del Kosovo e con impegno instancabile raccoglie denaro e altri mezzi di sostentamento per organizzazioni come il WWF o Medici Senza Frontiere (MSF). Il suo impegno \u00e8 attivo, nonostante egli stesso soffra di una disabilit\u00e0 fisica conseguente a un tumore che lo ha colpito da bambino e che l&#8217;ha reso tetraplegico con afasia. Per esempio, a favore del Kinderspitex ha realizzato e poi messo in vendita un libro battuto a macchina con un solo dito, frutto di uno sforzo immenso. Infine progetta e vende cartoline artistiche, memory e segnalibri, devolvendo il ricavato in beneficenza. La giuria si \u00e8 dimostrata molto colpita dall&#8217;indomita gioia di vivere e dall&#8217;infaticabile impegno di un giovane uomo colpito in prima persona da gravi problemi di salute.<\/p>\n<p><iframe title=\"Prix Sana 2012 - Gautschi mit Untertitel\" width=\"800\" height=\"450\" src=\"https:\/\/www.youtube.com\/embed\/xklsayvQbpw?feature=oembed\" frameborder=\"0\" allow=\"accelerometer; autoplay; clipboard-write; encrypted-media; gyroscope; picture-in-picture\" allowfullscreen><\/iframe><\/p>\n<h3>Si cercano candidati per il Prix Sana 2013<\/h3>\n<p>Con il Prix Sana, la Fondation Sana premia ogni anno una o pi\u00f9 persone per il loro impegno disinteressato a favore dei malati. Per trovare queste eroine ed eroi silenziosi, la Fondation Sana si affida alla collaborazione dei cittadini. Le proposte per i candidati al Prix Sana 2013 possono essere presentate fin da ora. Le condizioni e il modulo di richiesta sono disponibili sul sito: www.fondation-sana.ch.<\/p>\n<h3>Fondation Sana<\/h3>\n<p>La Fondation Sana \u00e8 una fondazione di pubblica utilit\u00e0 nel settore sanitario e azionista principale del gruppo Helsana. Si impegna attivamente per un sistema sociosanitario ben strutturato, operando tra l&#8217;altro con il Fondo assistenza d&#8217;emergenza per gli assicurati, il Fondo a sostegno della salute, con ricerca e prevenzione e con l&#8217;assegnazione del premio Prix Sana.<\/p>\n<p><iframe title=\"Prix Sana 2012 - Raouzeos mit Untertitel\" width=\"800\" height=\"450\" src=\"https:\/\/www.youtube.com\/embed\/JUnVHjEF0Xo?feature=oembed\" frameborder=\"0\" allow=\"accelerometer; autoplay; clipboard-write; encrypted-media; gyroscope; picture-in-picture\" allowfullscreen><\/iframe><\/p>\n<p>[\/two_third]<\/p>\n<p>[one_third_last valign=&#8221;top&#8221; animation=&#8221;none&#8221;]<\/p>\n<p>[box style=&#8221;simple&#8221;]<\/p>\n<p><strong>MEDIA<\/strong><\/p>\n<p><a href=\"http:\/\/www.fondation-sana.ch\/wp-content\/uploads\/2014\/11\/Medienmitteilung_PrixSana_2012.pdf\">Comunicato stampa 2012 (PDF tedesco)<\/a><br \/>\n<a href=\"#\">Immagini 2012 (ZIP)<\/a><\/p>\n<p>[\/box]<\/p>\n<p>[\/one_third_last]<\/p>\n","protected":false},"excerpt":{"rendered":"<p>[two_third valign=&#8221;top&#8221; animation=&#8221;none&#8221;] Il 20 settembre 2012 Fondation Sana ha conferito a Berna il secondo Prix Sana. Sono state premiate quattro persone, che da anni s&#8217;impegnano in modo ammirevole per la salute e la qualit\u00e0 della vita di malati o disabili. La giuria del Prix Sana, presieduta dal Prof. Dr. Ren\u00e9 Pr\u00eatre (pediatra e Svizzero [&hellip;]<\/p>\n","protected":false},"author":2,"featured_media":0,"parent":2169,"menu_order":0,"comment_status":"closed","ping_status":"closed","template":"","meta":{"_acf_changed":false,"_monsterinsights_skip_tracking":false,"_monsterinsights_sitenote_active":false,"_monsterinsights_sitenote_note":"","_monsterinsights_sitenote_category":0,"footnotes":""},"class_list":["post-967","page","type-page","status-publish","hentry"],"acf":[],"_links":{"self":[{"href":"https:\/\/www.fondation-sana.ch\/it\/wp-json\/wp\/v2\/pages\/967","targetHints":{"allow":["GET"]}}],"collection":[{"href":"https:\/\/www.fondation-sana.ch\/it\/wp-json\/wp\/v2\/pages"}],"about":[{"href":"https:\/\/www.fondation-sana.ch\/it\/wp-json\/wp\/v2\/types\/page"}],"author":[{"embeddable":true,"href":"https:\/\/www.fondation-sana.ch\/it\/wp-json\/wp\/v2\/users\/2"}],"replies":[{"embeddable":true,"href":"https:\/\/www.fondation-sana.ch\/it\/wp-json\/wp\/v2\/comments?post=967"}],"version-history":[{"count":5,"href":"https:\/\/www.fondation-sana.ch\/it\/wp-json\/wp\/v2\/pages\/967\/revisions"}],"predecessor-version":[{"id":1199,"href":"https:\/\/www.fondation-sana.ch\/it\/wp-json\/wp\/v2\/pages\/967\/revisions\/1199"}],"up":[{"embeddable":true,"href":"https:\/\/www.fondation-sana.ch\/it\/wp-json\/wp\/v2\/pages\/2169"}],"wp:attachment":[{"href":"https:\/\/www.fondation-sana.ch\/it\/wp-json\/wp\/v2\/media?parent=967"}],"curies":[{"name":"wp","href":"https:\/\/api.w.org\/{rel}","templated":true}]}}

<p>[two_third valign=&#8221;top&#8221; animation=&#8221;none&#8221;]</p>
<h3>Il 20 settembre 2012 Fondation Sana ha conferito a Berna il secondo Prix Sana. Sono state premiate quattro persone, che da anni s&#8217;impegnano in modo ammirevole per la salute e la qualità della vita di malati o disabili.</h3>
<p>La giuria del Prix Sana, presieduta dal Prof. Dr. René Prêtre (pediatra e Svizzero dall&#8217;anno 2009), ha riconosciuto l&#8217;impegno straordinario dei tre vincitori del Prix Sana, selezionati tra circa 100 candidati. Il premio ammonta complessivamente a 30&#8217;000 franchi. Ieri si è tenuta la cerimonia di premiazione condotta da Nik Harman, durante la quale sono stati resi noti i vincitori e consegnati i premi.</p>
<h3>Primo premio conferito ad una coppia di genitori adottivi</h3>
<p>Il primo posto del Prix Sana 2012 è stato riconosciuto a Jean-Paul e Nicole Wettstein. La coppia di Le Locle ha adottato cinque bambini indiani disabili. Con tanto amore, tempo, energia e impegno finanziario, la coppia si è presa cura dei bambini e delle loro sofferenze fisiche e psichiche. Grazie al sostegno di Jean-Paul e Nicole Wettstein, tre di questi ragazzi hanno portato a termine un percorso di formazione. Ad oggi la coppia si occupa con grande spirito di sacrificio del figlio autistico. Nicole Wettstein è gravemente malata da sei anni e si è già sottoposta a 28 interventi chirurgici.</p>
<p><iframe title="Prix Sana 2012 - Wettstein mit Untertitel" width="800" height="450" src="https://www.youtube.com/embed/WI48zJoHx3k?feature=oembed" frameborder="0" allow="accelerometer; autoplay; clipboard-write; encrypted-media; gyroscope; picture-in-picture" allowfullscreen></iframe></p>
<h3>Riconoscimento per benefattori straordinari</h3>
<p>Oltre ai coniugi Wettstein, il Prix Sana ha premiato anche con il 2° e 3° posto Roger Gautschi di Konolfingen e Alexander Raouzeos di Münchenstein per il loro straordinario impegno. Fino ad oggi Roger Gautschi ha donato oltre 130 litri di sangue, più di chiunque altro nel cantone di Berna, e probabilmente anche in tutta la Svizzera. Continua ad effettuare donazioni regolari due volte al mese con una speciale procedura. Ciò ha aiutato molte persone a guarire o addirittura ha consentito loro di sopravvivere. Per Roger Gautschi la donazione anonima del sangue offre la possibilità di far del bene, senza che nessuno debba sentirsi obbligato a ringraziare. Alexander Raouzeos, il terzo vincitore, sostiene da anni gli orfani del Kosovo e con impegno instancabile raccoglie denaro e altri mezzi di sostentamento per organizzazioni come il WWF o Medici Senza Frontiere (MSF). Il suo impegno è attivo, nonostante egli stesso soffra di una disabilità fisica conseguente a un tumore che lo ha colpito da bambino e che l&#8217;ha reso tetraplegico con afasia. Per esempio, a favore del Kinderspitex ha realizzato e poi messo in vendita un libro battuto a macchina con un solo dito, frutto di uno sforzo immenso. Infine progetta e vende cartoline artistiche, memory e segnalibri, devolvendo il ricavato in beneficenza. La giuria si è dimostrata molto colpita dall&#8217;indomita gioia di vivere e dall&#8217;infaticabile impegno di un giovane uomo colpito in prima persona da gravi problemi di salute.</p>
<p><iframe title="Prix Sana 2012 - Gautschi mit Untertitel" width="800" height="450" src="https://www.youtube.com/embed/xklsayvQbpw?feature=oembed" frameborder="0" allow="accelerometer; autoplay; clipboard-write; encrypted-media; gyroscope; picture-in-picture" allowfullscreen></iframe></p>
<h3>Si cercano candidati per il Prix Sana 2013</h3>
<p>Con il Prix Sana, la Fondation Sana premia ogni anno una o più persone per il loro impegno disinteressato a favore dei malati. Per trovare queste eroine ed eroi silenziosi, la Fondation Sana si affida alla collaborazione dei cittadini. Le proposte per i candidati al Prix Sana 2013 possono essere presentate fin da ora. Le condizioni e il modulo di richiesta sono disponibili sul sito: www.fondation-sana.ch.</p>
<h3>Fondation Sana</h3>
<p>La Fondation Sana è una fondazione di pubblica utilità nel settore sanitario e azionista principale del gruppo Helsana. Si impegna attivamente per un sistema sociosanitario ben strutturato, operando tra l&#8217;altro con il Fondo assistenza d&#8217;emergenza per gli assicurati, il Fondo a sostegno della salute, con ricerca e prevenzione e con l&#8217;assegnazione del premio Prix Sana.</p>
<p><iframe title="Prix Sana 2012 - Raouzeos mit Untertitel" width="800" height="450" src="https://www.youtube.com/embed/JUnVHjEF0Xo?feature=oembed" frameborder="0" allow="accelerometer; autoplay; clipboard-write; encrypted-media; gyroscope; picture-in-picture" allowfullscreen></iframe></p>
<p>[/two_third]</p>
<p>[one_third_last valign=&#8221;top&#8221; animation=&#8221;none&#8221;]</p>
<p>[box style=&#8221;simple&#8221;]</p>
<p><strong>MEDIA</strong></p>
<p><a href="http://www.fondation-sana.ch/wp-content/uploads/2014/11/Medienmitteilung_PrixSana_2012.pdf">Comunicato stampa 2012 (PDF tedesco)</a><br />
<a href="#">Immagini 2012 (ZIP)</a></p>
<p>[/box]</p>
<p>[/one_third_last]</p>

<p>[two_third valign=&#8221;top&#8221; animation=&#8221;none&#8221;] Il 20 settembre 2012 Fondation Sana ha conferito a Berna il secondo Prix Sana. Sono state premiate quattro persone, che da anni s&#8217;impegnano in modo ammirevole per la salute e la qualità della vita di malati o disabili. La giuria del Prix Sana, presieduta dal Prof. Dr. René Prêtre (pediatra e Svizzero [&hellip;]</p>
