{"id":970,"date":"2014-11-07T10:50:26","date_gmt":"2014-11-07T10:50:26","guid":{"rendered":"http:\/\/194.126.200.58\/~fondati1\/?page_id=970"},"modified":"2020-09-19T05:13:29","modified_gmt":"2020-09-19T03:13:29","slug":"prix-sana-2013-old-page","status":"publish","type":"page","link":"https:\/\/www.fondation-sana.ch\/it\/prix-sana\/prix-sana-2013-old-page\/","title":{"rendered":"Prix Sana 2013"},"content":{"rendered":"<p>[two_third valign=&#8221;top&#8221; animation=&#8221;none&#8221;]<\/p>\n<h3>Con il Prix Sana la Fondazione Sana premia ogni anno una o pi\u00f9 persone per il\u00a0loro impegno disinteressato a favore degli ammalati. Questi eroi reconditi sono\u00a0presenti ovunque. Essi offrono un servizio impagabile per la salute, consolando\u00a0i malati con azioni concrete, oppure facendoli ridere. Aiutano grazie al loro\u00a0cuore nobile; un cuore che merita il nostro riconoscimento.<\/h3>\n<h3>I vincitori del primo premio 2013<\/h3>\n<p>Eufemia Stadler \u00e8 arrivata in Svizzera dal Costa Rica 30 anni fa e, ispirata dalle sue origini indiane, si adopera enormemente nel sociale. A Zurigo ha fondato la prima casa di cura privata, dove assieme al suo personale assiste attualmente 17 persone di ogni et\u00e0. La sua idea: i giovani con disturbi psichici aiutano gli anziani con disturbi fisici. Chi non se lo pu\u00f2 permettere, pu\u00f2 abitare da lei gratuitamente. Eufemia Stadler offre anche posti di tirocinio, dando un&#8217;opportunit\u00e0 di trovare un futuro impiego a coloro che hanno difficolt\u00e0 ad avviare la propria professione. Sono molte le persone che, a totale insaputa del vasto pubblico, si impegnano a favore dei malati. Il loro contributo \u00e8 impagabile: con azioni, parole o gesti. La Fondation Sana riconosce queste prestazioni e una volta l&#8217;anno premia queste eroine e questi eroi silenziosi con il Prix Sana. Siamo lieti d&#8217;invitarla alla premiazione di quest&#8217;anno.<\/p>\n<p><iframe title=\"Prix Sana 2013 - Stadler (mit Untertitel)\" width=\"800\" height=\"450\" src=\"https:\/\/www.youtube.com\/embed\/vA53xtR1IG8?feature=oembed\" frameborder=\"0\" allow=\"accelerometer; autoplay; clipboard-write; encrypted-media; gyroscope; picture-in-picture\" allowfullscreen><\/iframe><\/p>\n<h3>Altri eroi del quotidiano<\/h3>\n<p>Eloisa L\u00fctolf del Canton Ticino si occupa dal 1997 di suo marito affetto da sclerosi multipla. Inoltre suo figlio \u00e8 rimasto gravemente invalido dopo un tragico incidente avvenuto nel 2005. Grazie al suo impegno e al suo aiuto, oggi il figlio di Eloisa L\u00fctolf non deve pi\u00f9 essere alimentato con la sonda, contro tutte le previsioni dei medici.<\/p>\n<p><iframe title=\"Prix Sana 2013 - L\u00fctolf (mit Untertitel)\" width=\"800\" height=\"450\" src=\"https:\/\/www.youtube.com\/embed\/Ax6ZBvgaxdQ?feature=oembed\" frameborder=\"0\" allow=\"accelerometer; autoplay; clipboard-write; encrypted-media; gyroscope; picture-in-picture\" allowfullscreen><\/iframe><\/p>\n<p>[\/two_third]<\/p>\n<p>[one_third_last valign=&#8221;top&#8221; animation=&#8221;none&#8221;]<\/p>\n<p>[box style=&#8221;simple&#8221;]<\/p>\n<p><strong>MEDIA<\/strong><\/p>\n<p><a href=\"http:\/\/www.fondation-sana.ch\/wp-content\/uploads\/2014\/11\/Images_PrixSana_2013.zip\">Immagini 2013 (ZIP)<\/a><\/p>\n<p>[\/box]<\/p>\n<p>[\/one_third_last]<\/p>\n","protected":false},"excerpt":{"rendered":"<p>[two_third valign=&#8221;top&#8221; animation=&#8221;none&#8221;] Con il Prix Sana la Fondazione Sana premia ogni anno una o pi\u00f9 persone per il\u00a0loro impegno disinteressato a favore degli ammalati. Questi eroi reconditi sono\u00a0presenti ovunque. Essi offrono un servizio impagabile per la salute, consolando\u00a0i malati con azioni concrete, oppure facendoli ridere. Aiutano grazie al loro\u00a0cuore nobile; un cuore che merita [&hellip;]<\/p>\n","protected":false},"author":2,"featured_media":0,"parent":2169,"menu_order":0,"comment_status":"closed","ping_status":"closed","template":"","meta":{"_acf_changed":false,"_monsterinsights_skip_tracking":false,"_monsterinsights_sitenote_active":false,"_monsterinsights_sitenote_note":"","_monsterinsights_sitenote_category":0,"footnotes":""},"class_list":["post-970","page","type-page","status-publish","hentry"],"acf":[],"_links":{"self":[{"href":"https:\/\/www.fondation-sana.ch\/it\/wp-json\/wp\/v2\/pages\/970","targetHints":{"allow":["GET"]}}],"collection":[{"href":"https:\/\/www.fondation-sana.ch\/it\/wp-json\/wp\/v2\/pages"}],"about":[{"href":"https:\/\/www.fondation-sana.ch\/it\/wp-json\/wp\/v2\/types\/page"}],"author":[{"embeddable":true,"href":"https:\/\/www.fondation-sana.ch\/it\/wp-json\/wp\/v2\/users\/2"}],"replies":[{"embeddable":true,"href":"https:\/\/www.fondation-sana.ch\/it\/wp-json\/wp\/v2\/comments?post=970"}],"version-history":[{"count":5,"href":"https:\/\/www.fondation-sana.ch\/it\/wp-json\/wp\/v2\/pages\/970\/revisions"}],"predecessor-version":[{"id":2209,"href":"https:\/\/www.fondation-sana.ch\/it\/wp-json\/wp\/v2\/pages\/970\/revisions\/2209"}],"up":[{"embeddable":true,"href":"https:\/\/www.fondation-sana.ch\/it\/wp-json\/wp\/v2\/pages\/2169"}],"wp:attachment":[{"href":"https:\/\/www.fondation-sana.ch\/it\/wp-json\/wp\/v2\/media?parent=970"}],"curies":[{"name":"wp","href":"https:\/\/api.w.org\/{rel}","templated":true}]}}

<p>[two_third valign=&#8221;top&#8221; animation=&#8221;none&#8221;]</p>
<h3>Con il Prix Sana la Fondazione Sana premia ogni anno una o più persone per il loro impegno disinteressato a favore degli ammalati. Questi eroi reconditi sono presenti ovunque. Essi offrono un servizio impagabile per la salute, consolando i malati con azioni concrete, oppure facendoli ridere. Aiutano grazie al loro cuore nobile; un cuore che merita il nostro riconoscimento.</h3>
<h3>I vincitori del primo premio 2013</h3>
<p>Eufemia Stadler è arrivata in Svizzera dal Costa Rica 30 anni fa e, ispirata dalle sue origini indiane, si adopera enormemente nel sociale. A Zurigo ha fondato la prima casa di cura privata, dove assieme al suo personale assiste attualmente 17 persone di ogni età. La sua idea: i giovani con disturbi psichici aiutano gli anziani con disturbi fisici. Chi non se lo può permettere, può abitare da lei gratuitamente. Eufemia Stadler offre anche posti di tirocinio, dando un&#8217;opportunità di trovare un futuro impiego a coloro che hanno difficoltà ad avviare la propria professione. Sono molte le persone che, a totale insaputa del vasto pubblico, si impegnano a favore dei malati. Il loro contributo è impagabile: con azioni, parole o gesti. La Fondation Sana riconosce queste prestazioni e una volta l&#8217;anno premia queste eroine e questi eroi silenziosi con il Prix Sana. Siamo lieti d&#8217;invitarla alla premiazione di quest&#8217;anno.</p>
<p><iframe title="Prix Sana 2013 - Stadler (mit Untertitel)" width="800" height="450" src="https://www.youtube.com/embed/vA53xtR1IG8?feature=oembed" frameborder="0" allow="accelerometer; autoplay; clipboard-write; encrypted-media; gyroscope; picture-in-picture" allowfullscreen></iframe></p>
<h3>Altri eroi del quotidiano</h3>
<p>Eloisa Lütolf del Canton Ticino si occupa dal 1997 di suo marito affetto da sclerosi multipla. Inoltre suo figlio è rimasto gravemente invalido dopo un tragico incidente avvenuto nel 2005. Grazie al suo impegno e al suo aiuto, oggi il figlio di Eloisa Lütolf non deve più essere alimentato con la sonda, contro tutte le previsioni dei medici.</p>
<p><iframe title="Prix Sana 2013 - Lütolf (mit Untertitel)" width="800" height="450" src="https://www.youtube.com/embed/Ax6ZBvgaxdQ?feature=oembed" frameborder="0" allow="accelerometer; autoplay; clipboard-write; encrypted-media; gyroscope; picture-in-picture" allowfullscreen></iframe></p>
<p>[/two_third]</p>
<p>[one_third_last valign=&#8221;top&#8221; animation=&#8221;none&#8221;]</p>
<p>[box style=&#8221;simple&#8221;]</p>
<p><strong>MEDIA</strong></p>
<p><a href="http://www.fondation-sana.ch/wp-content/uploads/2014/11/Images_PrixSana_2013.zip">Immagini 2013 (ZIP)</a></p>
<p>[/box]</p>
<p>[/one_third_last]</p>

<p>[two_third valign=&#8221;top&#8221; animation=&#8221;none&#8221;] Con il Prix Sana la Fondazione Sana premia ogni anno una o più persone per il loro impegno disinteressato a favore degli ammalati. Questi eroi reconditi sono presenti ovunque. Essi offrono un servizio impagabile per la salute, consolando i malati con azioni concrete, oppure facendoli ridere. Aiutano grazie al loro cuore nobile; un cuore che merita [&hellip;]</p>
